{"id":1114,"date":"2020-11-03T18:43:05","date_gmt":"2020-11-03T17:43:05","guid":{"rendered":"https:\/\/wp-test.cro-digital.com\/?product=import-placeholder-for-33984"},"modified":"2020-11-03T18:46:04","modified_gmt":"2020-11-03T17:46:04","slug":"beaba-babycook-neo-parno-kuhalo-eucalyptus","status":"publish","type":"product","link":"https:\/\/wp-test.cro-digital.com\/?product=beaba-babycook-neo-parno-kuhalo-eucalyptus","title":{"rendered":"Beaba Babycook Neo parno kuhalo &#8211; Eucalyptus"},"content":{"rendered":"<p>Novi pobolj\u0161ani Babycook proizveden je u Francuskoj postavlja novi standard kvalitete na tr\u017ei\u0161tu. Stakleni vr\u010d i posuda od nehr\u0111aju\u0107eg \u010delika omogu\u0107avaju dugotrajnost i izdr\u017eljivost te olak\u0161avaju \u010di\u0161\u0107enje.<\/p>\n<p>Ukupno 4 funkcije ovog ure\u0111aja eliminiraju potrebu za lon\u010di\u0107ima, mikrovalnom i blenderima &#8211; Beaba Babycook objedinjuje sve u jednom ure\u0111aju. Kuhalo i blender u kojem mo\u017eete kuhati povr\u0107e, \u017eitarice, tjesteninu i meso i blendati do \u017eeljene teksture. Patentirani sustav kuhanja na pari omogu\u0107ava da se ure\u0111aj ugasi sam nakon zavr\u0161etka ciklusa kuhanja; ne morate brinuti da \u0107e se hrana prekuhati ili ure\u0111aj pregrijati. Novi pobolj\u0161ani ure\u0111aj lak\u0161e se \u010disti, a zbog kvalitete materijala ne \u0107ete morati brinuti o kamencu.<\/p>\n<p><strong>Uklju\u010duje:<\/strong> Babycook Neo sa staklenom posudom velikog kapaciteta, o\u0161tricom visokih performansi koja omogu\u0107ava razli\u010dite teksture za mije\u0161anje, te spremnikom i ko\u0161arom od nehr\u0111aju\u0107eg \u010delika.<\/p>\n<ul>\n<li>Babycook B\u00e9aba je najbolja robotska mije\u0161alica za parno kuhanje &#8211; u\u010dinkovito i jednostavno pripremanje doma\u0107ih jela za bebe!<\/li>\n<li>Ergonomska ru\u010dka koja olak\u0161ava otvaranje posude i sigurno rukovanje ko\u0161aricom.<\/li>\n<li>Ko\u0161ara od nehr\u0111aju\u0107eg \u010delika velikog kapaciteta (4 porcije x 150gr \/ 3 porcije x 200gr) s ergonomskom ru\u010dkom za jednostavno preno\u0161enje hrane na kraju ciklusa kuhanja.<\/li>\n<li>Visokokvalitetna staklena posuda koja \u010duva okuse<\/li>\n<li>Visokokvalitetna dvostruka o\u0161trica od nehr\u0111aju\u0107eg \u010delika za jednoli\u010dno prilago\u0111eno mije\u0161anje (glatko, mije\u0161ano, grudice, komadi\u0107i)<\/li>\n<li>Spremnik od nehr\u0111aju\u0107eg \u010delika sa \u0161irokim otvorom za prakti\u010dan pristup i dobru vidljivost razine punjenja (razina 1, 2, 3)<\/li>\n<li>Modulacija kuhanja na paru radi o\u010duvanja prehrambene kvalitete hrane, sakupljanja prave koli\u010dine soka za kuhanje i ograni\u010davanja potro\u0161nje vode<\/li>\n<li>Veliki spremnik vode za grijanje s otvorom za jednostavno punjenje, odr\u017eavanje i uklanjanje kamenca s proizvoda.<\/li>\n<li>Jasno ozna\u010davanje razine vode radi odre\u0111ivanja vremena kuhanja.<\/li>\n<li>Zvu\u010dni i svjetlosni signal na kraju kuhanja.<\/li>\n<\/ul>\n<p><strong>Napomena: <\/strong>Poklopac, ko\u0161aricu, posudu i sjeka\u010d operite ru\u010dno ili u perilici posu\u0111a. Parno kuhalo \u010distite mekom vla\u017enom krpicom. Ne uranjati u vodu!<\/p>\n<p style=\"text-align: center;\"><strong>Nagrade<\/strong><\/p>\n<p><img loading=\"lazy\" class=\"aligncenter size-full wp-image-33944\" src=\"https:\/\/www.all4kids.com.hr\/wp-content\/uploads\/2020\/06\/babycook-neo-award.jpg\" alt=\"\" width=\"900\" height=\"900\" \/><\/p>\n","protected":false},"excerpt":{"rendered":"<p>Novi pobolj\u0161ani Babycook proizveden je u Francuskoj postavlja novi standard kvalitete na tr\u017ei\u0161tu. Beaba Babycook Neo parno kuhalo 4u1 kuha, podgrijava, odmrzava i blenda hranu. Stakleni vr\u010d i posuda od nehr\u0111aju\u0107eg \u010delika omogu\u0107avaju dugotrajnost i izdr\u017eljivost te olak\u0161avaju \u010di\u0161\u0107enje.<\/p>\n","protected":false},"featured_media":1230,"comment_status":"closed","ping_status":"closed","template":"","meta":[],"_links":{"self":[{"href":"https:\/\/wp-test.cro-digital.com\/index.php?rest_route=\/wp\/v2\/product\/1114"}],"collection":[{"href":"https:\/\/wp-test.cro-digital.com\/index.php?rest_route=\/wp\/v2\/product"}],"about":[{"href":"https:\/\/wp-test.cro-digital.com\/index.php?rest_route=\/wp\/v2\/types\/product"}],"replies":[{"embeddable":true,"href":"https:\/\/wp-test.cro-digital.com\/index.php?rest_route=%2Fwp%2Fv2%2Fcomments&post=1114"}],"wp:featuredmedia":[{"embeddable":true,"href":"https:\/\/wp-test.cro-digital.com\/index.php?rest_route=\/wp\/v2\/media\/1230"}],"wp:attachment":[{"href":"https:\/\/wp-test.cro-digital.com\/index.php?rest_route=%2Fwp%2Fv2%2Fmedia&parent=1114"}],"curies":[{"name":"wp","href":"https:\/\/api.w.org\/{rel}","templated":true}]}}