{"id":1130,"date":"2020-11-03T18:43:29","date_gmt":"2020-11-03T17:43:29","guid":{"rendered":"https:\/\/wp-test.cro-digital.com\/?product=import-placeholder-for-34170"},"modified":"2020-11-03T18:47:50","modified_gmt":"2020-11-03T17:47:50","slug":"beaba-rotirajuca-zlica-za-hranjenje","status":"publish","type":"product","link":"https:\/\/wp-test.cro-digital.com\/?product=beaba-rotirajuca-zlica-za-hranjenje","title":{"rendered":"Beaba rotiraju\u0107a \u017elica za hranjenje"},"content":{"rendered":"<p>Rotiraju\u0107a \u017elica koja uvijek ostaje u horizontalnom polo\u017eaju i hrana ne ispada \u010dak i ako dijete \u017elicu ne dr\u017ei pravilno.<\/p>\n<ul>\n<li>Zaklju\u010davanje rotiraju\u0107e dr\u0161ke: prigodna za djecu od 6+ mjeseci.<\/li>\n<li>Dubina \u017elice: prikladna za juhe, miksano vo\u0107e i sli\u010dno&#8230;<\/li>\n<li>Lako se rastavlja.<\/li>\n<li>Jednostavna zaodr\u017eavanje &#8211; mo\u017ee se prati ru\u010dno ili u perilici.<\/li>\n<\/ul>\n<p>&nbsp;<\/p>\n","protected":false},"excerpt":{"rendered":"<p>Rotiraju\u0107a \u017elica koja uvijek ostaje u horizontalnom polo\u017eaju i hrana ne ispada \u010dak i ako dijete \u017elicu ne dr\u017ei pravilno.<\/p>\n","protected":false},"featured_media":1255,"comment_status":"closed","ping_status":"closed","template":"","meta":[],"_links":{"self":[{"href":"https:\/\/wp-test.cro-digital.com\/index.php?rest_route=\/wp\/v2\/product\/1130"}],"collection":[{"href":"https:\/\/wp-test.cro-digital.com\/index.php?rest_route=\/wp\/v2\/product"}],"about":[{"href":"https:\/\/wp-test.cro-digital.com\/index.php?rest_route=\/wp\/v2\/types\/product"}],"replies":[{"embeddable":true,"href":"https:\/\/wp-test.cro-digital.com\/index.php?rest_route=%2Fwp%2Fv2%2Fcomments&post=1130"}],"wp:featuredmedia":[{"embeddable":true,"href":"https:\/\/wp-test.cro-digital.com\/index.php?rest_route=\/wp\/v2\/media\/1255"}],"wp:attachment":[{"href":"https:\/\/wp-test.cro-digital.com\/index.php?rest_route=%2Fwp%2Fv2%2Fmedia&parent=1130"}],"curies":[{"name":"wp","href":"https:\/\/api.w.org\/{rel}","templated":true}]}}