{"id":1176,"date":"2020-11-03T18:44:50","date_gmt":"2020-11-03T17:44:50","guid":{"rendered":"https:\/\/wp-test.cro-digital.com\/?product=import-placeholder-for-35164"},"modified":"2020-11-03T18:47:31","modified_gmt":"2020-11-03T17:47:31","slug":"jane-montecarlo-r1-15-36-kg-horizons","status":"publish","type":"product","link":"https:\/\/wp-test.cro-digital.com\/?product=jane-montecarlo-r1-15-36-kg-horizons","title":{"rendered":"Jane Montecarlo R1 15-36 kg &#8211; Horizons"},"content":{"rendered":"<p>Jedinstvena aluminijska konstrukcija autosjedalice pobolj\u0161ava za\u0161titu za 70% u usporedbi s tradicionalnim sustavom, a tako\u0111er je opremljena s neobaveznim ISOFIX sustavom koji u kombinaciji sa sigurnosnim pojasom u 3 to\u010dke nudi ve\u0107u stabilnost i sigurnost prilikom bo\u010dnog udara. Montecarlo R1 autosjedalica posebno je dizajnirana kako bi se prilagodila svakoj fazi rasta va\u0161eg djeteta. Namijenjena je djeci od 3 do 12 godina starosti, odnosno od 15 do 36 kg te\u017eine. Autosjedalica ima integrirani sustav pode\u0161avanja koji omogu\u0107ava da se i visina i \u0161irina sjedala neovisno mijenjaju kako bi se savr\u0161eno prilagodila tijelu djeteta, \u0161tite\u0107i ga u svim fazama rasta.<\/p>\n<p><img loading=\"lazy\" class=\"aligncenter size-full wp-image-30612\" src=\"https:\/\/www.all4kids.com.hr\/wp-content\/uploads\/2018\/02\/technicalmontecarlo.jpg\" alt=\"\" width=\"1400\" height=\"1400\" \/><\/p>\n<ul style=\"text-align: center;\">\n<li style=\"text-align: left;\"><strong>Jedna od najboljih autosjedalica na tr\u017ei\u0161tu u svojoj kategoriji, namijenjena djeci od 15 do 36 kg, odnosno od 3 do 12 godine starosti<\/strong><\/li>\n<li style=\"text-align: left;\">Namijenjena za kori\u0161tenje u smjeru vo\u017enje<\/li>\n<li style=\"text-align: left;\">Odobreno prema standardu ECE R44 \/04<\/li>\n<li style=\"text-align: left;\">Jednostavno montiranje u automobil uz pomo\u0107 sigurnosnih pojasa u 3 to\u010dke<\/li>\n<li style=\"text-align: left;\">Po izboru mo\u017ee se montirati pomo\u0107u isofixa \u0161to \u0107e pru\u017eiti ve\u0107u stabilnost i sigurnost prilikom bo\u010dnog udara<\/li>\n<li style=\"text-align: left;\">Poja\u010dano uzglavlje za jo\u0161 bolju za\u0161titu od bo\u010dnih udara i ve\u0107u udobnost<\/li>\n<li style=\"text-align: left;\">Oblo\u017eena materijalima koji apsorbiraju silinu udarca<\/li>\n<li style=\"text-align: left;\">Konstrukcija autosjedalice poja\u010dana je aluminijskom strukturom \u0161to sjedalicu \u010dini 70% sigurnijom i otpornijom na udarce<\/li>\n<li style=\"text-align: left;\">Raste s djetetom: neovisno podesiva visina i \u0161irina bo\u010dnih dijelova naslona za glavu, kao i sam naslon<\/li>\n<li style=\"text-align: left;\">2 polo\u017eaja naslona<\/li>\n<li style=\"text-align: left;\">Podesivi nasloni za ruke pru\u017eaju djetetu ve\u0107u udobnost<\/li>\n<li style=\"text-align: left;\">Specijalni tekstil otporan na habanje, vodu te ostale teku\u0107ine i mrlje<\/li>\n<li style=\"text-align: left;\">Unutarnja tkanina na kojoj dijete sjedi izra\u0111ena je od prozra\u010dnih materijala koji omogu\u0107uju ko\u017ei da di\u0161e<\/li>\n<li style=\"text-align: left;\">Uklonjive i perive navlake<\/li>\n<li style=\"text-align: left;\">Dimenzije: 46 x 43 x 97 cm<\/li>\n<li style=\"text-align: left;\">Te\u017eina: 6,8 kg<\/li>\n<\/ul>\n<table class=\" aligncenter\" width=\"89%\">\n<tbody>\n<tr>\n<td width=\"10%\"><strong>\u00a0<\/strong><\/p>\n<p style=\"text-align: center;\"><strong>Grupa<\/strong><\/p>\n<p style=\"text-align: center;\">\n<\/td>\n<td style=\"text-align: center;\" width=\"18%\"><img loading=\"lazy\" class=\"aligncenter size-full wp-image-30397\" src=\"https:\/\/www.all4kids.com.hr\/wp-content\/uploads\/2020\/03\/2020-web-icons-weight-baby.png\" alt=\"\" width=\"87\" height=\"47\" \/><\/td>\n<td style=\"text-align: center;\" width=\"19%\"><img loading=\"lazy\" class=\"aligncenter size-full wp-image-30398\" src=\"https:\/\/www.all4kids.com.hr\/wp-content\/uploads\/2020\/03\/2020-web-icons-height-baby.png\" alt=\"\" width=\"87\" height=\"47\" \/><\/td>\n<td style=\"text-align: center;\" width=\"20%\"><img loading=\"lazy\" class=\"aligncenter size-full wp-image-30399\" src=\"https:\/\/www.all4kids.com.hr\/wp-content\/uploads\/2020\/03\/2020-web-icons-rearward-facing.png\" alt=\"\" width=\"87\" height=\"47\" \/><\/td>\n<td style=\"text-align: center;\" width=\"12%\"><strong>Sistem vezanja<\/strong><\/td>\n<td width=\"18%\">\n<p style=\"text-align: center;\"><strong>Na\u010din monta\u017ee<\/strong><\/p>\n<\/td>\n<\/tr>\n<tr>\n<td width=\"10%\">\n<p style=\"text-align: center;\">2 i 3<\/p>\n<\/td>\n<td style=\"text-align: center;\" width=\"18%\">15 \u2013 36 kg<\/td>\n<td style=\"text-align: center;\" width=\"19%\">3 &#8211; 12 god<\/td>\n<td style=\"text-align: center;\" width=\"20%\">U smjeru vo\u017enje<\/td>\n<td style=\"text-align: center;\" width=\"12%\">U 3 to\u010dke<\/td>\n<td width=\"18%\">\n<p style=\"text-align: center;\">Pojasevi automobila u 3 to\u010dke<\/p>\n<\/td>\n<\/tr>\n<tr>\n<td width=\"10%\">\n<p style=\"text-align: center;\">2 i 3<\/p>\n<\/td>\n<td style=\"text-align: center;\" width=\"18%\">15 \u2013 36 kg<\/td>\n<td style=\"text-align: center;\" width=\"19%\">3 &#8211; 12 god<\/td>\n<td style=\"text-align: center;\" width=\"20%\">U smjeru vo\u017enje<\/td>\n<td style=\"text-align: center;\" width=\"12%\">U 3 to\u010dke<\/td>\n<td width=\"18%\">\n<p style=\"text-align: center;\">Isofix + Pojasevi automobila u 3 to\u010dke<\/p>\n<\/td>\n<\/tr>\n<\/tbody>\n<\/table>\n<p style=\"text-align: center;\"><strong>Osvojene nagrade<\/strong><\/p>\n<p style=\"text-align: center;\"><img loading=\"lazy\" class=\"aligncenter size-full wp-image-30616\" src=\"https:\/\/www.all4kids.com.hr\/wp-content\/uploads\/2018\/02\/awards-montecarlo-r1.jpg\" alt=\"\" width=\"1010\" height=\"302\" \/><\/p>\n","protected":false},"excerpt":{"rendered":"<p>Montecarlo R1 autosjedalica posebno je dizajnirana kako bi se prilagodila svakoj fazi rasta va\u0161eg djeteta. Namijenjena je djeci od 3 do 12 godina starosti, odnosno od 15 do 36 kg te\u017eine.<\/p>\n","protected":false},"featured_media":1305,"comment_status":"closed","ping_status":"closed","template":"","meta":[],"_links":{"self":[{"href":"https:\/\/wp-test.cro-digital.com\/index.php?rest_route=\/wp\/v2\/product\/1176"}],"collection":[{"href":"https:\/\/wp-test.cro-digital.com\/index.php?rest_route=\/wp\/v2\/product"}],"about":[{"href":"https:\/\/wp-test.cro-digital.com\/index.php?rest_route=\/wp\/v2\/types\/product"}],"replies":[{"embeddable":true,"href":"https:\/\/wp-test.cro-digital.com\/index.php?rest_route=%2Fwp%2Fv2%2Fcomments&post=1176"}],"wp:featuredmedia":[{"embeddable":true,"href":"https:\/\/wp-test.cro-digital.com\/index.php?rest_route=\/wp\/v2\/media\/1305"}],"wp:attachment":[{"href":"https:\/\/wp-test.cro-digital.com\/index.php?rest_route=%2Fwp%2Fv2%2Fmedia&parent=1176"}],"curies":[{"name":"wp","href":"https:\/\/api.w.org\/{rel}","templated":true}]}}