{"id":1245,"date":"2020-11-03T18:46:13","date_gmt":"2020-11-03T17:46:13","guid":{"rendered":"https:\/\/wp-test.cro-digital.com\/?product=import-placeholder-for-35230"},"modified":"2020-11-03T18:47:50","modified_gmt":"2020-11-03T17:47:50","slug":"jane-univerzalna-kisna-navlaka","status":"publish","type":"product","link":"https:\/\/wp-test.cro-digital.com\/?product=jane-univerzalna-kisna-navlaka","title":{"rendered":"Jane univerzalna ki\u0161na navlaka"},"content":{"rendered":"<p>Zaboravite na ki\u0161u i snijeg! Uz Jan\u00e9-ovu univerzalnu ki\u0161nu navlaku, va\u0161a \u0107e beba uvijek biti spremna za izlazak.<\/p>\n<p>Ki\u0161na navlaka je \u00a0dizajna koji odgovara dje\u010djim kolicima s 3 ili 4 kota\u010da. Ekskluzivno je dizajnirana s &#8220;Roll up prozor\u010di\u0107em\u201c koji omogu\u0107uje cirkulaciju zraka i sprje\u010dava nakupljanje temperature. Pri\u010dvr\u0161\u0107uje se pomo\u0107u \u010di\u010dak traka i pru\u017ea za\u0161titu od vjetra, ki\u0161e ili snijega. Prikladna je za ve\u0107inu dje\u010djih kolica \u010dija konstrukcija sadr\u017ei krovi\u0107 na konstrukciji kolica. Budu\u0107i da ova ki\u0161na navlaka nema okvir, mo\u017ee se lako i kompaktno slo\u017eiti u pripadaju\u0107u torbicu kad nije potrebna.<\/p>\n<ul>\n<li>Ekskluzivni &#8220;Roll up prozor\u010di\u0107 \u201c s prednje strane &#8211; za brz i jednostavan pristup djetetu. Kad prestane ki\u0161a, mo\u017eete otvoriti prozor\u010di\u0107 kako bi pove\u0107ali vidljivost i ventilaciju.<\/li>\n<li>S otvorima za ventilaciju na bo\u010dnim stranicama navlake &#8211; za sigurnost va\u0161e bebe.<\/li>\n<li>Kompaktan dizajn, jednostavno sklapanje jer nema okvira.<\/li>\n<li><strong>Univerzalni dizajn &#8211; pogodan za sva dje\u010dja kolica na tr\u017ei\u0161tu koja ve\u0107 imaju krovi\u0107 za podr\u0161ku.<\/strong><\/li>\n<li>Mo\u017ee se koristiti na kolicima okrenutim u oba smjera (prema naprijed ili prema roditelju)<\/li>\n<li>Uklju\u010duje prakti\u010dnu torbicu s \u010di\u010dak trakama, koja se mo\u017ee pri\u010dvrstiti na ru\u010dku kolica. To omogu\u0107ava jednostavno spremanje ki\u0161ne navlake kada ona nije potrebna, te kako bi uvijek mogla biti pri ruci.<\/li>\n<\/ul>\n","protected":false},"excerpt":{"rendered":"<p>Zaboravite na ki\u0161u i snijeg! Uz Jan\u00e9-ovu univerzalnu ki\u0161nu navlaku, va\u0161a \u0107e beba uvijek biti spremna za izlazak.<\/p>\n","protected":false},"featured_media":1313,"comment_status":"closed","ping_status":"closed","template":"","meta":[],"_links":{"self":[{"href":"https:\/\/wp-test.cro-digital.com\/index.php?rest_route=\/wp\/v2\/product\/1245"}],"collection":[{"href":"https:\/\/wp-test.cro-digital.com\/index.php?rest_route=\/wp\/v2\/product"}],"about":[{"href":"https:\/\/wp-test.cro-digital.com\/index.php?rest_route=\/wp\/v2\/types\/product"}],"replies":[{"embeddable":true,"href":"https:\/\/wp-test.cro-digital.com\/index.php?rest_route=%2Fwp%2Fv2%2Fcomments&post=1245"}],"wp:featuredmedia":[{"embeddable":true,"href":"https:\/\/wp-test.cro-digital.com\/index.php?rest_route=\/wp\/v2\/media\/1313"}],"wp:attachment":[{"href":"https:\/\/wp-test.cro-digital.com\/index.php?rest_route=%2Fwp%2Fv2%2Fmedia&parent=1245"}],"curies":[{"name":"wp","href":"https:\/\/api.w.org\/{rel}","templated":true}]}}