{"id":1280,"date":"2020-11-03T18:47:04","date_gmt":"2020-11-03T17:47:04","guid":{"rendered":"https:\/\/wp-test.cro-digital.com\/?product=import-placeholder-for-36074"},"modified":"2020-11-03T18:48:27","modified_gmt":"2020-11-03T17:48:27","slug":"jane-nosni-aspirator","status":"publish","type":"product","link":"https:\/\/wp-test.cro-digital.com\/?product=jane-nosni-aspirator","title":{"rendered":"Jan\u00e9 nosni aspirator"},"content":{"rendered":"<p>Jan\u00e9 klasi\u010dni aspirator za nos.<\/p>\n<ul>\n<li>Namijenjeno djeci od samog ro\u0111enja<\/li>\n<li>Klasi\u010dni aspirator &#8211; funkcionira po principu pumpanja<\/li>\n<li>Njegov zaobljeni oblik osigurava djetetovu sigurnost.<\/li>\n<li>Izra\u0111en od mekanog materijala koji je potpuno siguran za novoro\u0111en\u010de.<\/li>\n<li>Dimenzije: 21\u00d79,7 cm.<\/li>\n<\/ul>\n","protected":false},"excerpt":{"rendered":"<p>Jan\u00e9 klasi\u010dni aspirator za nos u obliku pumpice.<\/p>\n","protected":false},"featured_media":1345,"comment_status":"closed","ping_status":"closed","template":"","meta":[],"_links":{"self":[{"href":"https:\/\/wp-test.cro-digital.com\/index.php?rest_route=\/wp\/v2\/product\/1280"}],"collection":[{"href":"https:\/\/wp-test.cro-digital.com\/index.php?rest_route=\/wp\/v2\/product"}],"about":[{"href":"https:\/\/wp-test.cro-digital.com\/index.php?rest_route=\/wp\/v2\/types\/product"}],"replies":[{"embeddable":true,"href":"https:\/\/wp-test.cro-digital.com\/index.php?rest_route=%2Fwp%2Fv2%2Fcomments&post=1280"}],"wp:featuredmedia":[{"embeddable":true,"href":"https:\/\/wp-test.cro-digital.com\/index.php?rest_route=\/wp\/v2\/media\/1345"}],"wp:attachment":[{"href":"https:\/\/wp-test.cro-digital.com\/index.php?rest_route=%2Fwp%2Fv2%2Fmedia&parent=1280"}],"curies":[{"name":"wp","href":"https:\/\/api.w.org\/{rel}","templated":true}]}}