{"id":1320,"date":"2020-11-03T18:47:53","date_gmt":"2020-11-03T17:47:53","guid":{"rendered":"https:\/\/wp-test.cro-digital.com\/?product=import-placeholder-for-39165"},"modified":"2020-11-03T18:49:42","modified_gmt":"2020-11-03T17:49:42","slug":"jane-kahlica-toalet-powder","status":"publish","type":"product","link":"https:\/\/wp-test.cro-digital.com\/?product=jane-kahlica-toalet-powder","title":{"rendered":"Jan\u00e9 kahlica \/ toalet &#8211; Powder"},"content":{"rendered":"<p>S Jane kahlicom u obliku pravog mini toaleta odlazak u kupaonicu va\u0161em \u0107e djetetu biti lak\u0161i nego ikad. Ona je vrlo zabavna jer pritiskom na gumb reproducira zvuk pu\u0161tanja vode, uz to uklju\u010duje dr\u017ea\u010d za toaletni papir, zbog \u010dega \u0107e va\u0161e dijete imati osje\u0107aj kori\u0161tenja pravog toaleta. Sadr\u017ei uklonjiv unutarnji spremnik koji omogu\u0107ava jednostavno \u010di\u0161\u0107enje, te neklizaju\u0107e dno koje \u0107e se pobrinuti za sigurnost kori\u0161tenja i stabilnost kahlice.<\/p>\n<ul>\n<li>Pogodno za kori\u0161tenje od 12+ mjeseci.<\/li>\n<li>Prakti\u010dna, zabavna i higijenska kahlica.<\/li>\n<li>Proces odvikavanja od pelena \u010dini zabavnim.<\/li>\n<li>Odvojiv spremnik omogu\u0107uje lak\u0161e \u010di\u0161\u0107enje.<\/li>\n<li>Pritiskom na gumb reproducira zvuk pu\u0161tanja vode.<\/li>\n<li>Sadr\u017ei uklonjivi dr\u017ea\u010d za postavljanje role toaletnog papira.<\/li>\n<li>Neklizaju\u0107e dno za bolje prijanjanje na podlogu, \u0161to ujedno pru\u017ea i ve\u0107u stabilnost.<\/li>\n<li>Vrlo udobna za bebu: ergonomski oblikovana i podstavljena.<\/li>\n<li>Izra\u017eena od visokokvalitetnog ekolo\u0161kog PP materijala.<\/li>\n<li>Potrebno je koristiti dvije baterije.<\/li>\n<li>Dimenzije proizvoda: 41 x 29 x 36 cm<\/li>\n<\/ul>\n","protected":false},"excerpt":{"rendered":"<p>S Jane kahlicom u obliku pravog mini toaleta odlazak u kupaonicu va\u0161em \u0107e djetetu biti lak\u0161i nego ikad.<\/p>\n","protected":false},"featured_media":1363,"comment_status":"closed","ping_status":"closed","template":"","meta":[],"_links":{"self":[{"href":"https:\/\/wp-test.cro-digital.com\/index.php?rest_route=\/wp\/v2\/product\/1320"}],"collection":[{"href":"https:\/\/wp-test.cro-digital.com\/index.php?rest_route=\/wp\/v2\/product"}],"about":[{"href":"https:\/\/wp-test.cro-digital.com\/index.php?rest_route=\/wp\/v2\/types\/product"}],"replies":[{"embeddable":true,"href":"https:\/\/wp-test.cro-digital.com\/index.php?rest_route=%2Fwp%2Fv2%2Fcomments&post=1320"}],"wp:featuredmedia":[{"embeddable":true,"href":"https:\/\/wp-test.cro-digital.com\/index.php?rest_route=\/wp\/v2\/media\/1363"}],"wp:attachment":[{"href":"https:\/\/wp-test.cro-digital.com\/index.php?rest_route=%2Fwp%2Fv2%2Fmedia&parent=1320"}],"curies":[{"name":"wp","href":"https:\/\/api.w.org\/{rel}","templated":true}]}}