{"id":180,"date":"2020-11-03T18:22:02","date_gmt":"2020-11-03T17:22:02","guid":{"rendered":"https:\/\/wp-test.cro-digital.com\/?product=import-placeholder-for-16485"},"modified":"2020-11-03T18:29:25","modified_gmt":"2020-11-03T17:29:25","slug":"jane-lancic-za-dudu-sa-spremnikom","status":"publish","type":"product","link":"https:\/\/wp-test.cro-digital.com\/?product=jane-lancic-za-dudu-sa-spremnikom","title":{"rendered":"Jan\u00e9 lan\u010di\u0107 za dudu sa spremnikom"},"content":{"rendered":"<p>Prakti\u010dni plasti\u010dni dr\u017ea\u010d sa spremnikom za pohranu dude koji \u0107e osigurati da duda va\u0161e bebe uvijek bude \u010dista i da se vi\u0161e nikad ne izgubi! Dolazi u 3 prekrasna uzorka koje mo\u017eete kompletirati sa svojim dudama i ostalim Jan\u00e9 proizvodima.<\/p>\n<ul>\n<li>Lan\u010di\u0107 sa spremnikom &#8211; kako bi duda uvijek bila \u010dista<\/li>\n<li>Kad va\u0161e dijete zavr\u0161i s uporabom dude, spremite vrh dude (sisa\u010d) u spremnik u obliku slatke \u017eivotinjice<\/li>\n<li>Jednostavno odr\u017eavanje \u2013 mo\u017ee se prati u perilici posu\u0111a<\/li>\n<li>100% siguran proizvod<\/li>\n<li>Ne sadr\u017ei: BPA, pvc, folfate, olovo<\/li>\n<li>Dimenzije: 20 x 6 cm<\/li>\n<\/ul>\n","protected":false},"excerpt":{"rendered":"<p>Prakti\u010dni plasti\u010dni dr\u017ea\u010d sa spremnikom za pohranu dude\u00a0koji \u0107e osigurati da duda va\u0161e bebe uvijek bude \u010dista i da se vi\u0161e nikad ne izgubi!<\/p>\n","protected":false},"featured_media":285,"comment_status":"closed","ping_status":"closed","template":"","meta":[],"_links":{"self":[{"href":"https:\/\/wp-test.cro-digital.com\/index.php?rest_route=\/wp\/v2\/product\/180"}],"collection":[{"href":"https:\/\/wp-test.cro-digital.com\/index.php?rest_route=\/wp\/v2\/product"}],"about":[{"href":"https:\/\/wp-test.cro-digital.com\/index.php?rest_route=\/wp\/v2\/types\/product"}],"replies":[{"embeddable":true,"href":"https:\/\/wp-test.cro-digital.com\/index.php?rest_route=%2Fwp%2Fv2%2Fcomments&post=180"}],"wp:featuredmedia":[{"embeddable":true,"href":"https:\/\/wp-test.cro-digital.com\/index.php?rest_route=\/wp\/v2\/media\/285"}],"wp:attachment":[{"href":"https:\/\/wp-test.cro-digital.com\/index.php?rest_route=%2Fwp%2Fv2%2Fmedia&parent=180"}],"curies":[{"name":"wp","href":"https:\/\/api.w.org\/{rel}","templated":true}]}}