{"id":19,"date":"2020-11-03T18:19:08","date_gmt":"2020-11-03T17:19:08","guid":{"rendered":"https:\/\/wp-test.cro-digital.com\/?product=import-placeholder-for-11537"},"modified":"2020-11-03T18:19:16","modified_gmt":"2020-11-03T17:19:16","slug":"jane-sincro-screen-43-baby-monitor","status":"publish","type":"product","link":"https:\/\/wp-test.cro-digital.com\/?product=jane-sincro-screen-43-baby-monitor","title":{"rendered":"Jan\u00e9 Sincro Screen 4,3 baby monitor"},"content":{"rendered":"<p>Uz Sincro Screen Plus budite uz svoje dijete \u010dak i kad niste pored njega.<\/p>\n<ul>\n<li>Digitalni prijenos<\/li>\n<li>Dvosmjerni audio: odrasla osoba mo\u017ee razgovarati s djetetom<\/li>\n<li>24 automatskih kanala s ure\u0111ajem protiv smetnji<\/li>\n<li>Prijemnik s punjivim baterijama &#8211; mo\u017ee se koristiti spojen na napajanje ili s punjivim baterijama (uklju\u010dene su u pakiranju)<\/li>\n<li>Prijemnik mo\u017ee primati signal s 4 razli\u010dite kamere<\/li>\n<li>Senzor pokreta i alarm za vrijeme hranjenja<\/li>\n<li>Punja\u010d ugra\u0111en u prijemnik<\/li>\n<li>Vizualno upozorenje za slabu bateriju na prijemniku<\/li>\n<li>Vizualno i audio upozorenje za gubitak pokrivenosti<\/li>\n<li>4,3 \u201cTFT ekran<\/li>\n<li>Kamera radi u mraku i ima automatsko prebacivanje iz dnevnog na no\u0107ni rad<\/li>\n<li>Glasovna aktivcija<\/li>\n<li>Pode\u0161avanje osjetljivosti mikrofona na oda\u0161ilja\u010du<\/li>\n<li>Uklju\u010duje dva adaptera za 230 V<\/li>\n<\/ul>\n","protected":false},"excerpt":{"rendered":"<p>Uz Sincro Screen monitor budite uz svoje dijete \u010dak i kad niste pored njega.<\/p>\n","protected":false},"featured_media":53,"comment_status":"closed","ping_status":"closed","template":"","meta":[],"_links":{"self":[{"href":"https:\/\/wp-test.cro-digital.com\/index.php?rest_route=\/wp\/v2\/product\/19"}],"collection":[{"href":"https:\/\/wp-test.cro-digital.com\/index.php?rest_route=\/wp\/v2\/product"}],"about":[{"href":"https:\/\/wp-test.cro-digital.com\/index.php?rest_route=\/wp\/v2\/types\/product"}],"replies":[{"embeddable":true,"href":"https:\/\/wp-test.cro-digital.com\/index.php?rest_route=%2Fwp%2Fv2%2Fcomments&post=19"}],"wp:featuredmedia":[{"embeddable":true,"href":"https:\/\/wp-test.cro-digital.com\/index.php?rest_route=\/wp\/v2\/media\/53"}],"wp:attachment":[{"href":"https:\/\/wp-test.cro-digital.com\/index.php?rest_route=%2Fwp%2Fv2%2Fmedia&parent=19"}],"curies":[{"name":"wp","href":"https:\/\/api.w.org\/{rel}","templated":true}]}}