{"id":20,"date":"2020-11-03T18:19:08","date_gmt":"2020-11-03T17:19:08","guid":{"rendered":"https:\/\/wp-test.cro-digital.com\/?product=import-placeholder-for-11543"},"modified":"2020-11-03T18:19:17","modified_gmt":"2020-11-03T17:19:17","slug":"jane-faster-grijac-bocica","status":"publish","type":"product","link":"https:\/\/wp-test.cro-digital.com\/?product=jane-faster-grijac-bocica","title":{"rendered":"Jan\u00e9 Faster grija\u010d bo\u010dica"},"content":{"rendered":"<p>Ultra brz i prakti\u010dan ku\u0107ni i putni grija\u010d bo\u010dica koji koristi paru za grijanje svih vrsta bo\u010dica, standardnih i onih \u0161irokih.<\/p>\n<ul>\n<li>Grija\u010d bo\u010dica koji koristi paru za grijanje bo\u010dica<\/li>\n<li>Zagrije bo\u010dicu za manje od 3 minute, a staklenke s dje\u010djom hranom za 7 minuta<\/li>\n<li>Automatsko isklju\u010divanje i zvu\u010dni indikator za zavr\u0161etak zagrijavanja<\/li>\n<li>Uklju\u010duje adapter za kori\u0161tenje grija\u010da u automobilu i ko\u0161aricu s ru\u010dkom<\/li>\n<\/ul>\n","protected":false},"excerpt":{"rendered":"<p>Ultra brz i prakti\u010dan ku\u0107ni i putni grija\u010d bo\u010dica koji koristi paru za grijanje svih vrsta bo\u010dica,\u00a0standardnih i onih \u0161irokih.<\/p>\n","protected":false},"featured_media":54,"comment_status":"closed","ping_status":"closed","template":"","meta":[],"_links":{"self":[{"href":"https:\/\/wp-test.cro-digital.com\/index.php?rest_route=\/wp\/v2\/product\/20"}],"collection":[{"href":"https:\/\/wp-test.cro-digital.com\/index.php?rest_route=\/wp\/v2\/product"}],"about":[{"href":"https:\/\/wp-test.cro-digital.com\/index.php?rest_route=\/wp\/v2\/types\/product"}],"replies":[{"embeddable":true,"href":"https:\/\/wp-test.cro-digital.com\/index.php?rest_route=%2Fwp%2Fv2%2Fcomments&post=20"}],"wp:featuredmedia":[{"embeddable":true,"href":"https:\/\/wp-test.cro-digital.com\/index.php?rest_route=\/wp\/v2\/media\/54"}],"wp:attachment":[{"href":"https:\/\/wp-test.cro-digital.com\/index.php?rest_route=%2Fwp%2Fv2%2Fmedia&parent=20"}],"curies":[{"name":"wp","href":"https:\/\/api.w.org\/{rel}","templated":true}]}}