{"id":202,"date":"2020-11-03T18:22:26","date_gmt":"2020-11-03T17:22:26","guid":{"rendered":"https:\/\/wp-test.cro-digital.com\/?product=import-placeholder-for-16530"},"modified":"2020-11-03T18:24:24","modified_gmt":"2020-11-03T17:24:24","slug":"jane-convert-zimska-vreca-boho-pink","status":"publish","type":"product","link":"https:\/\/wp-test.cro-digital.com\/?product=jane-convert-zimska-vreca-boho-pink","title":{"rendered":"Jan\u00e9 Convert zimska vre\u0107a &#8211; Boho Pink"},"content":{"rendered":"<p>Univerzalna zimska vre\u0107a Jan\u00e9 Convert pogodna je za sve ko\u0161are, autosjedalice grupe 0 i kolica jer se prilago\u0111ava obliku sjedala, a dizajnirana je za upotrebu od djetetovog ro\u0111enja, pa sve dok koristite dje\u010dja kolica. Vodootporna i izuzetno topla zimska vre\u0107a, s pjenastim punjenjem i podstavom od mekog flisa \u010dine savr\u0161enu kombinaciju inovativne tehnologije i urbanog dizajna. Convert zimska vre\u0107a sadr\u017ei otvore kroz koje prolaze remen\u010di\u0107i, koso postavljen zatvara\u010d koji olak\u0161ava stavljanje djeteta u vre\u0107u, gornji dio vre\u0107e koji se zbog dodane za\u0161tite mo\u017ee pretvoriti u kapulja\u010du, te posebno dizajniran donji dio vre\u0107e koji se mo\u017ee otvoriti kada va\u0161 mali\u0161an naraste.<\/p>\n<ul>\n<li><strong>Prikladna za kori\u0161tenje od ro\u0111enja, pa sve do kraja kori\u0161tenja dje\u010dja kolica.<\/strong><\/li>\n<li><strong>Mo\u017ee se koristiti u kolicima, ko\u0161ari, te autosjedalici grupe 0.<\/strong><\/li>\n<li>Punjena je mekom pjenicom, te je presvu\u010dena vodootpornom tkaninom koj \u0161titi od hladno\u0107e i vjetra.<\/li>\n<li>Unutarnji dio vre\u0107e presu\u010den je mekim flisom koji je vrlo ugodan za bebinu ko\u017eu.<\/li>\n<li>Kombinacija inovativne tehnologije i urbanog dizajna.<\/li>\n<li>Zimska vre\u0107a koja prati rast va\u0161eg djeteta &#8211; <strong>kad va\u0161 mali\u0161an naraste,\u00a0 donji dio vre\u0107e mo\u017eete otvoriti kako bi ispru\u017eio nogice.<\/strong><\/li>\n<li>Sadr\u017ei otvore za prolaz sigurnosnih pojaseva kolica, koso postavljeni patentni zatvara\u010d za jednostavnije stavljanje djeteta u vre\u0107u, te patentni zatvara\u010d na donjem dijelu vre\u0107e.<\/li>\n<li>Prilago\u0111ava se obliku sjedala.<\/li>\n<li>Radi bolje za\u0161tite djeteta, potezom elasti\u010dne trake gornji dio vre\u0107e pretvara se u kapulja\u010du.<\/li>\n<li><strong>Vodootporna vanjska strana.<\/strong><\/li>\n<li>\u0160titi od hladno\u0107e i vjetra<\/li>\n<li>Najkvalitetniji patentni zatvara\u010di i materijali.<\/li>\n<li>Dimenzije zimske vre\u0107e: 80 x 43 cm (za ko\u0161aru); 90 x 43 cm (za kolica)<\/li>\n<\/ul>\n<p>&nbsp;<\/p>\n","protected":false},"excerpt":{"rendered":"<p>Univerzalna zimska vre\u0107a Jan\u00e9 Convert pogodna je za sve ko\u0161are, autosjedalice grupe 0 i kolica jer se prilago\u0111ava obliku sjedala, a dizajnirana je za upotrebu od djetetovog ro\u0111enja, pa sve dok koristite dje\u010dja kolica. Vodootporna i izuzetno topla zimska vre\u0107a, s pjenastim punjenjem i podstavom od mekog flisa \u010dine savr\u0161enu kombinaciju inovativne tehnologije i urbanog dizajna.<\/p>\n","protected":false},"featured_media":296,"comment_status":"closed","ping_status":"closed","template":"","meta":[],"_links":{"self":[{"href":"https:\/\/wp-test.cro-digital.com\/index.php?rest_route=\/wp\/v2\/product\/202"}],"collection":[{"href":"https:\/\/wp-test.cro-digital.com\/index.php?rest_route=\/wp\/v2\/product"}],"about":[{"href":"https:\/\/wp-test.cro-digital.com\/index.php?rest_route=\/wp\/v2\/types\/product"}],"replies":[{"embeddable":true,"href":"https:\/\/wp-test.cro-digital.com\/index.php?rest_route=%2Fwp%2Fv2%2Fcomments&post=202"}],"wp:featuredmedia":[{"embeddable":true,"href":"https:\/\/wp-test.cro-digital.com\/index.php?rest_route=\/wp\/v2\/media\/296"}],"wp:attachment":[{"href":"https:\/\/wp-test.cro-digital.com\/index.php?rest_route=%2Fwp%2Fv2%2Fmedia&parent=202"}],"curies":[{"name":"wp","href":"https:\/\/api.w.org\/{rel}","templated":true}]}}