{"id":21,"date":"2020-11-03T18:19:08","date_gmt":"2020-11-03T17:19:08","guid":{"rendered":"https:\/\/wp-test.cro-digital.com\/?product=import-placeholder-for-11546"},"modified":"2020-11-03T18:19:20","modified_gmt":"2020-11-03T17:19:20","slug":"jane-sterilizator-i-grijac-bocica","status":"publish","type":"product","link":"https:\/\/wp-test.cro-digital.com\/?product=jane-sterilizator-i-grijac-bocica","title":{"rendered":"Jan\u00e9 sterilizator i grija\u010d bo\u010dica"},"content":{"rendered":"<p>Neka bo\u010dica va\u0161eg djeteta uvijek bude topla i \u010dista!<\/p>\n<ul>\n<li>Sterilizira na paru do 6 komada bo\u010dica (standardnog i \u0161irokog grla) i njihovu dodatnu opremu<\/li>\n<li>Parno steriliziranje bez dodatka kemijskih sredstava<\/li>\n<li>Automatski se isklju\u010duje \u010dim je postupak sterilizacije zavr\u0161en<\/li>\n<li>Uklju\u010duje ko\u0161aru za sitne stvari, hvataljke i dozator vode<\/li>\n<li>Multifunkcionalan: dvije funkcije &#8211; sterilizator i grija\u010d bo\u010dica<\/li>\n<li>Mo\u017ee zagrijavati 2 bo\u010dice istovremeno<\/li>\n<li>Trajanje sterilizacije: 14-16 minuta<\/li>\n<\/ul>\n","protected":false},"excerpt":{"rendered":"<p>Nek bo\u010dica va\u0161eg djeteta uvijek bude topla i \u010dista!<\/p>\n","protected":false},"featured_media":55,"comment_status":"closed","ping_status":"closed","template":"","meta":[],"_links":{"self":[{"href":"https:\/\/wp-test.cro-digital.com\/index.php?rest_route=\/wp\/v2\/product\/21"}],"collection":[{"href":"https:\/\/wp-test.cro-digital.com\/index.php?rest_route=\/wp\/v2\/product"}],"about":[{"href":"https:\/\/wp-test.cro-digital.com\/index.php?rest_route=\/wp\/v2\/types\/product"}],"replies":[{"embeddable":true,"href":"https:\/\/wp-test.cro-digital.com\/index.php?rest_route=%2Fwp%2Fv2%2Fcomments&post=21"}],"wp:featuredmedia":[{"embeddable":true,"href":"https:\/\/wp-test.cro-digital.com\/index.php?rest_route=\/wp\/v2\/media\/55"}],"wp:attachment":[{"href":"https:\/\/wp-test.cro-digital.com\/index.php?rest_route=%2Fwp%2Fv2%2Fmedia&parent=21"}],"curies":[{"name":"wp","href":"https:\/\/api.w.org\/{rel}","templated":true}]}}