{"id":242,"date":"2020-11-03T18:23:14","date_gmt":"2020-11-03T17:23:14","guid":{"rendered":"https:\/\/wp-test.cro-digital.com\/?product=import-placeholder-for-17374"},"modified":"2020-11-03T18:25:38","modified_gmt":"2020-11-03T17:25:38","slug":"jane-sling-magnetni-drzac-aquarel-blue","status":"publish","type":"product","link":"https:\/\/wp-test.cro-digital.com\/?product=jane-sling-magnetni-drzac-aquarel-blue","title":{"rendered":"Jan\u00e9 Sling magnetni dr\u017ea\u010d &#8211; Aquarel Blue"},"content":{"rendered":"<p>Sling univezalna magnetna traka izra\u0111ena je od silikona, a mo\u017ee se koristiti za pri\u010dvr\u0161\u0107ivanje tkanine od muslina na kolica ili kao dr\u017ea\u010d za igra\u010dke. Silikonska traka privla\u010dnog dizajna dr\u017eat \u0107e muslin gazu da ne padne ili da ju ne otpu\u0161e vjetar tijekom vo\u017enje u kolicima.<\/p>\n<ul>\n<li>Univerzalna magnetna traka<\/li>\n<li>Dr\u017ea\u010di ne o\u0161te\u0107uje tkaninu kolica niti s vremenom ne gube svojstva<\/li>\n<li>Pakiranje sadr\u017ei 4 magnetna dr\u017ea\u010da u dvije razli\u010dite boje<\/li>\n<li>Sling dolazi u tri razli\u010dite kombinacije boja: crno\/siva, plavo\/siva, roza\/siva<\/li>\n<li>Dimenzije dr\u017ea\u010da: 21 x 3,5 cm<\/li>\n<\/ul>\n","protected":false},"excerpt":{"rendered":"<p>Vi\u0161e ne morate voditi brigu da vam muslin gaza ili bebina igra\u010dka ne ispadnu iz kolica tijekom vo\u017enje jer \u0107e se za to pobrinuti Sling magnetni dr\u017ea\u010d.<\/p>\n","protected":false},"featured_media":343,"comment_status":"closed","ping_status":"closed","template":"","meta":[],"_links":{"self":[{"href":"https:\/\/wp-test.cro-digital.com\/index.php?rest_route=\/wp\/v2\/product\/242"}],"collection":[{"href":"https:\/\/wp-test.cro-digital.com\/index.php?rest_route=\/wp\/v2\/product"}],"about":[{"href":"https:\/\/wp-test.cro-digital.com\/index.php?rest_route=\/wp\/v2\/types\/product"}],"replies":[{"embeddable":true,"href":"https:\/\/wp-test.cro-digital.com\/index.php?rest_route=%2Fwp%2Fv2%2Fcomments&post=242"}],"wp:featuredmedia":[{"embeddable":true,"href":"https:\/\/wp-test.cro-digital.com\/index.php?rest_route=\/wp\/v2\/media\/343"}],"wp:attachment":[{"href":"https:\/\/wp-test.cro-digital.com\/index.php?rest_route=%2Fwp%2Fv2%2Fmedia&parent=242"}],"curies":[{"name":"wp","href":"https:\/\/api.w.org\/{rel}","templated":true}]}}