{"id":261,"date":"2020-11-03T18:23:42","date_gmt":"2020-11-03T17:23:42","guid":{"rendered":"https:\/\/wp-test.cro-digital.com\/?product=import-placeholder-for-17523"},"modified":"2020-11-03T18:25:52","modified_gmt":"2020-11-03T17:25:52","slug":"jane-mila-hranilica-nature-edition","status":"publish","type":"product","link":"https:\/\/wp-test.cro-digital.com\/?product=jane-mila-hranilica-nature-edition","title":{"rendered":"Jan\u00e9 Mila hranilica &#8211; Nature Edition"},"content":{"rendered":"<p>Elegantna hranilica namijenjena je bebama od 0 do 3 godine starosti. Hranilica ima uklonjivu i perivu navlaku, te dvostruki pladanj. Tako\u0111er sadr\u017ei mekani umetak za novoro\u0111en\u010de kako bi va\u0161em djetetu osigurala \u0161to udobnije le\u017eanje.<\/p>\n<p>Hranilica Mila ima 6 razli\u010ditih polo\u017eaja naslona, 7 polo\u017eaja po visini i 2 polo\u017eaja za no\u017eice. To su \u010dak 84 razli\u010dite kombinacije!<\/p>\n<p>Janeova fenomenalna hranilica nudi mnogo razli\u010ditih mogu\u0107nosti kori\u0161tenja \u0161to omogu\u0107ava va\u0161oj bebi da odmara, da bude dio zajedni\u010dkih obroka ili pak da prisustvuje mnogim drugim aktivnostima.<\/p>\n<p>\u2022 Patentirani proizvod<br \/>\n\u2022 Pogodno od ro\u0111enja do 3 godine starosti<br \/>\n\u2022 6 polo\u017eaja naslona sa automatskim pode\u0161avanjem kuta sjedenja za optimalnu udobnost bebe<br \/>\n\u2022 Podesivi nastavak za noge<br \/>\n\u2022 7 polo\u017eaja hranilice podesivih po visini<br \/>\n\u2022 2 polo\u017eaja pladnja s odvojivim dijelom<br \/>\n\u2022 Sadr\u017ei reverzibilni mekani jastuk<br \/>\n\u2022 Kompaktna i samostoje\u0107a u sklopljenom polo\u017eaju<br \/>\n\u2022 Odvojiva i periva navlaka<br \/>\n\u2022 Hranilica sadr\u017ei dio koji zadr\u017eava dijete kako ne bi klizilo niz sjedalo<br \/>\n\u2022 Sigurnosni pojasevi u 5 to\u010daka<br \/>\n\u2022 Sadr\u017ei spremnik za pladanj na stra\u017enjoj strani hranilice<br \/>\n\u2022 Ergonomski dizajnirana za optimalnu udobnost bebe<br \/>\n\u2022 Dimenzije proizvoda: 55 x 80 x 105 cm<br \/>\n\u2022 Dimenzije sklopljenog proizvoda: 55 x 35 x 85 cm<br \/>\n\u2022 Te\u017eina proizvoda: 8 kg<\/p>\n","protected":false},"excerpt":{"rendered":"<p>Elegantna hranilica namjenjena je bebama od 0 do 3 godine starosti. Hranilica Mila ima 6 razli\u010ditih polo\u017eaja naslona, \u200b\u200b7 polo\u017eaja po visini i 2 polo\u017eaja za nogice. To su \u010dak 84 razli\u010dite kombinacije!<\/p>\n","protected":false},"featured_media":347,"comment_status":"closed","ping_status":"closed","template":"","meta":[],"_links":{"self":[{"href":"https:\/\/wp-test.cro-digital.com\/index.php?rest_route=\/wp\/v2\/product\/261"}],"collection":[{"href":"https:\/\/wp-test.cro-digital.com\/index.php?rest_route=\/wp\/v2\/product"}],"about":[{"href":"https:\/\/wp-test.cro-digital.com\/index.php?rest_route=\/wp\/v2\/types\/product"}],"replies":[{"embeddable":true,"href":"https:\/\/wp-test.cro-digital.com\/index.php?rest_route=%2Fwp%2Fv2%2Fcomments&post=261"}],"wp:featuredmedia":[{"embeddable":true,"href":"https:\/\/wp-test.cro-digital.com\/index.php?rest_route=\/wp\/v2\/media\/347"}],"wp:attachment":[{"href":"https:\/\/wp-test.cro-digital.com\/index.php?rest_route=%2Fwp%2Fv2%2Fmedia&parent=261"}],"curies":[{"name":"wp","href":"https:\/\/api.w.org\/{rel}","templated":true}]}}