{"id":289,"date":"2020-11-03T18:24:12","date_gmt":"2020-11-03T17:24:12","guid":{"rendered":"https:\/\/wp-test.cro-digital.com\/?product=import-placeholder-for-18783"},"modified":"2020-11-03T18:27:06","modified_gmt":"2020-11-03T17:27:06","slug":"jane-revolution-nosiljka-greyland","status":"publish","type":"product","link":"https:\/\/wp-test.cro-digital.com\/?product=jane-revolution-nosiljka-greyland","title":{"rendered":"Jane Revolution nosiljka &#8211; Greyland"},"content":{"rendered":"<p>Revolucionarna nosiljka za bebe pretvorit \u0107e se u kruto sjedalo kada beba raste kako bi dr\u017eala le\u0111a ravno. Kao nosiljku mo\u0107i \u0107ete ju koristiti od 3,5 do 15 kg djetetove te\u017eine, a kao kruto sjedalo od 9, pa \u010dak do 20 kg te\u017eine. Ona \u0107e djetetu omogu\u0107iti dva polo\u017eaja, onaj prema vama ili prema naprijed. Ova nosiljka tako\u0111er \u0107e biti od pomo\u0107i u pravilnom razvoju bebinih kukova, a njene \u0161iroke naramenice ravnomjerno \u0107e rasporediti te\u017einu na kukove i le\u0111a kako bi smanjila pritisak na vrat onoga koji ju nosi.<\/p>\n<p><img loading=\"lazy\" class=\"aligncenter size-full wp-image-32648\" src=\"https:\/\/www.all4kids.com.hr\/wp-content\/uploads\/2019\/09\/gffdfag-scaled.jpg\" alt=\"\" width=\"1920\" height=\"1439\" \/><\/p>\n<ul>\n<li>Pogodno od ro\u0111enja do 5 godina<\/li>\n<li><strong>Kao nosiljka za bebe:<\/strong> 3,5 &#8211; 15 kg (do 2 godine)<\/li>\n<li><strong>Kao kruto sjedalo:<\/strong> 9 &#8211; 20 kg (do 5 godina)<\/li>\n<li><strong>3 polo\u017eaja:<\/strong> &#8211; na prednjoj, stra\u017enjoj ili bo\u010dnoj strani<\/li>\n<li><strong>Polo\u017eaj prema naprijed ili prema vama<\/strong><\/li>\n<li>Ergonomski osmi\u0161ljena kako bi pomogla razvoju bebinih kukovima<\/li>\n<li>Pretvara se u sjedalo &#8211; kruto sjedalo mo\u017ee se jednostavno postaviti ili odvojiti od nosiljke zahvaljuju\u0107i patentnom zatvara\u010du<\/li>\n<li>Ergonomska, udobna i sigurna<\/li>\n<li>Periv i prozra\u010dan materijal<\/li>\n<li>Udobne naramenice &#8211; \u0161iroke trake za raspodjelu te\u017eine i za\u0161titu vrata onog tko ju nosi<\/li>\n<li>Uklju\u010duje podstavljenu za\u0161titu za bebin vrat<\/li>\n<li>Bogata podstava za udobnost i za\u0161titu bebe<\/li>\n<li>D\u017eep za pohranu &#8211; da bi vam sve bilo nadohvat ruke<\/li>\n<li>Dimenzije proizvoda: 50 x 38 cm<\/li>\n<\/ul>\n","protected":false},"excerpt":{"rendered":"<p>Revolucionarna nosiljka za bebe <strong>pretvorit \u0107e se u kruto sjedalo kada beba raste kako bi dr\u017eala le\u0111a ravno.<\/strong> Kao nosiljku mo\u0107i \u0107ete ju koristiti od 3,5 do 15 kg djetetove te\u017eine, a kao kruto sjedalo od 9 pa \u010dak do 20 kg te\u017eine.<\/p>\n","protected":false},"featured_media":402,"comment_status":"closed","ping_status":"closed","template":"","meta":[],"_links":{"self":[{"href":"https:\/\/wp-test.cro-digital.com\/index.php?rest_route=\/wp\/v2\/product\/289"}],"collection":[{"href":"https:\/\/wp-test.cro-digital.com\/index.php?rest_route=\/wp\/v2\/product"}],"about":[{"href":"https:\/\/wp-test.cro-digital.com\/index.php?rest_route=\/wp\/v2\/types\/product"}],"replies":[{"embeddable":true,"href":"https:\/\/wp-test.cro-digital.com\/index.php?rest_route=%2Fwp%2Fv2%2Fcomments&post=289"}],"wp:featuredmedia":[{"embeddable":true,"href":"https:\/\/wp-test.cro-digital.com\/index.php?rest_route=\/wp\/v2\/media\/402"}],"wp:attachment":[{"href":"https:\/\/wp-test.cro-digital.com\/index.php?rest_route=%2Fwp%2Fv2%2Fmedia&parent=289"}],"curies":[{"name":"wp","href":"https:\/\/api.w.org\/{rel}","templated":true}]}}