{"id":30,"date":"2020-11-03T18:19:09","date_gmt":"2020-11-03T17:19:09","guid":{"rendered":"https:\/\/wp-test.cro-digital.com\/?product=import-placeholder-for-6493-t01"},"modified":"2020-11-03T18:28:12","modified_gmt":"2020-11-03T17:28:12","slug":"jane-auto-sport-hodalica-star","status":"publish","type":"product","link":"https:\/\/wp-test.cro-digital.com\/?product=jane-auto-sport-hodalica-star","title":{"rendered":"Jan\u00e9 Auto Sport hodalica &#8211; Star"},"content":{"rendered":"<p>Hodalica Auto Sport bit \u0107e zabavno pomagalo u bebinim prvim koracima i prvim poku\u0161ajima istra\u017eivanje okoline. Ona\u00a0ima posebno dizajnirane silikonske kota\u010di\u0107e koji ju \u010dime izuzetno tihom, udobnom i jednostavnom za upravljanje. Silikonski kota\u010di\u0107i idealni su za osjetljive povr\u0161ine kao \u0161to je parket jer ne\u0107e stvarati o\u0161te\u0107enja.<\/p>\n<p>Jan\u00e9ova hodalica sadr\u017ei sve potrebne sigurnosne sustave, a djetetu jam\u010di vrhunsku zabavu zahvaljuju\u0107i pladnju s igra\u010dkama i muzi\u010dkim aktivnostima.\u00a0Da bi se osigurala maksimalna sigurnost, hodalica je opremljena mehanizmom za proklizavanje koji zaklju\u010dava hodalicu kada dosegne ve\u0107u brzinu, a uklju\u010duje i \u0161titnik oko donje baze kako ne bi do\u0161to do o\u0161te\u0107enja vrata ili zidova.<\/p>\n<ul>\n<li>Pogodno za bebe od 6 mjeseci do oko 12 kg &#8211; dok beba ne po\u010dne hodati samostalno<\/li>\n<li>Inovativna hodalica ima brojne zna\u010dajke koje \u0107e za va\u0161eg mali\u0161ana stvoriti svijet zabave i uzbu\u0111enja<\/li>\n<li>Dizajnirana za stvaranje sigurnog okru\u017eenja koje \u0107e uzbuditi va\u0161e mali\u0161ane i potaknuti ih na njihove prve korake<\/li>\n<li>Podesivo sjedalo u 3 visine &#8211; prati rast va\u0161eg djeteta<\/li>\n<li>Perive navlake<\/li>\n<li>Tihi silikonski kota\u010di &#8211; pogodni za parkete<\/li>\n<li>Ugra\u0111eni sigurnosni ure\u0111aj za zaustavljanje hodalice<\/li>\n<li>Uklju\u010duje pladanj s igra\u010dkama i muzi\u010dkim aktivnostima<\/li>\n<li>Maksimalno optere\u0107enje: 12 kg<\/li>\n<li>Dimenzije sklopljenog proizvoda: 68 x 70 x 28 cm<\/li>\n<li>Te\u017eina proizvoda: 4 kg<\/li>\n<\/ul>\n","protected":false},"excerpt":{"rendered":"<p>Hodalica Auto Sport bit \u0107e zabavno pomagalo u bebinim prvim koracima i prvim poku\u0161ajima istra\u017eivanje okoline.<\/p>\n","protected":false},"featured_media":448,"comment_status":"closed","ping_status":"closed","template":"","meta":[],"_links":{"self":[{"href":"https:\/\/wp-test.cro-digital.com\/index.php?rest_route=\/wp\/v2\/product\/30"}],"collection":[{"href":"https:\/\/wp-test.cro-digital.com\/index.php?rest_route=\/wp\/v2\/product"}],"about":[{"href":"https:\/\/wp-test.cro-digital.com\/index.php?rest_route=\/wp\/v2\/types\/product"}],"replies":[{"embeddable":true,"href":"https:\/\/wp-test.cro-digital.com\/index.php?rest_route=%2Fwp%2Fv2%2Fcomments&post=30"}],"wp:featuredmedia":[{"embeddable":true,"href":"https:\/\/wp-test.cro-digital.com\/index.php?rest_route=\/wp\/v2\/media\/448"}],"wp:attachment":[{"href":"https:\/\/wp-test.cro-digital.com\/index.php?rest_route=%2Fwp%2Fv2%2Fmedia&parent=30"}],"curies":[{"name":"wp","href":"https:\/\/api.w.org\/{rel}","templated":true}]}}