{"id":323,"date":"2020-11-03T18:25:09","date_gmt":"2020-11-03T17:25:09","guid":{"rendered":"https:\/\/wp-test.cro-digital.com\/?product=import-placeholder-for-19063"},"modified":"2020-11-03T18:28:16","modified_gmt":"2020-11-03T17:28:16","slug":"jane-les-pommes-set-za-jelo","status":"publish","type":"product","link":"https:\/\/wp-test.cro-digital.com\/?product=jane-les-pommes-set-za-jelo","title":{"rendered":"Jan\u00e9 Les Pommes set za jelo"},"content":{"rendered":"<p><span data-originalfontsize=\"11.5pt\" data-originalcomputedfontsize=\"15.333333015441895\">Simpati\u010dan po\u010detni dje\u010dji set za jelo s kojem \u0107e va\u0161e dijete u\u017eivati u svakom obroku. Set za jelo Les Pommes bit \u0107e idealan poklon za mali\u0161ane. <\/span>Set dje\u010djeg posu\u0111a\u00a0<span data-originalfontsize=\"11.5pt\" data-originalcomputedfontsize=\"15.333333015441895\">izra\u0111en je od kvalitetnog materijala, a sastoji se od: t<\/span>ermalne zdjelice u 2 dijela, lijevka, zdjelice, pribora (\u017elica, vilica i silikonska \u017elica), \u010da\u0161ice s ru\u010dkama sa skidaju\u0107im poklopcem, podloge za jelo<\/p>\n<ul>\n<li data-removefontsize=\"true\" data-originalcomputedfontsize=\"16\">Mo\u017ee se podgrijavati u mikrovalnoj pe\u0107nici<\/li>\n<li data-removefontsize=\"true\" data-originalcomputedfontsize=\"16\">Jednostavno \u010di\u0161\u0107enje: ru\u010dno ili strojno pranje<\/li>\n<li data-removefontsize=\"true\" data-originalcomputedfontsize=\"16\">Pogodno za kori\u0161tenje od 4+ mjeseci<\/li>\n<li data-removefontsize=\"true\" data-originalcomputedfontsize=\"16\">Tanjuri i \u0161alice imaju kliznu podlogu; \u0161to \u0107e sprije\u010diti klizanje pribora za jelo sa stola<\/li>\n<li data-removefontsize=\"true\" data-originalcomputedfontsize=\"16\">Vilica sa zaobljenim vrhovima<\/li>\n<li data-removefontsize=\"true\" data-originalcomputedfontsize=\"16\">\u0160alica s ru\u010dkama protiv kapanja &#8211; posebno je dizajnirana za pobolj\u0161anje pravilnog pijenja<\/li>\n<li data-removefontsize=\"true\" data-originalcomputedfontsize=\"16\">Jedinstveni plasti\u010dni lijevak uklapa se u podno\u017eje termalne zdjelice koja se treba napuniti toplom vodom kako bi odr\u017eavala bebinu hranu toplom<\/li>\n<li>Idealan poklon<\/li>\n<li>Materijal: Melamin<\/li>\n<li data-removefontsize=\"true\" data-originalcomputedfontsize=\"16\">100% siguran proizvod<\/li>\n<li data-removefontsize=\"true\" data-originalcomputedfontsize=\"16\">Ne sadr\u017ei: BPA, pvc, folfate, olovo<\/li>\n<\/ul>\n","protected":false},"excerpt":{"rendered":"<p><span data-originalfontsize=\"11.5pt\" data-originalcomputedfontsize=\"15.333333015441895\">Simpati\u010dan po\u010detni dje\u010dji set za jelo s kojem \u0107e va\u0161e dijete u\u017eivati u svakom obroku. Set za jelo Les Pommes bit \u0107e idealan poklon za mali\u0161ane.<\/span><\/p>\n","protected":false},"featured_media":453,"comment_status":"closed","ping_status":"closed","template":"","meta":[],"_links":{"self":[{"href":"https:\/\/wp-test.cro-digital.com\/index.php?rest_route=\/wp\/v2\/product\/323"}],"collection":[{"href":"https:\/\/wp-test.cro-digital.com\/index.php?rest_route=\/wp\/v2\/product"}],"about":[{"href":"https:\/\/wp-test.cro-digital.com\/index.php?rest_route=\/wp\/v2\/types\/product"}],"replies":[{"embeddable":true,"href":"https:\/\/wp-test.cro-digital.com\/index.php?rest_route=%2Fwp%2Fv2%2Fcomments&post=323"}],"wp:featuredmedia":[{"embeddable":true,"href":"https:\/\/wp-test.cro-digital.com\/index.php?rest_route=\/wp\/v2\/media\/453"}],"wp:attachment":[{"href":"https:\/\/wp-test.cro-digital.com\/index.php?rest_route=%2Fwp%2Fv2%2Fmedia&parent=323"}],"curies":[{"name":"wp","href":"https:\/\/api.w.org\/{rel}","templated":true}]}}