{"id":324,"date":"2020-11-03T18:25:09","date_gmt":"2020-11-03T17:25:09","guid":{"rendered":"https:\/\/wp-test.cro-digital.com\/?product=import-placeholder-for-19114"},"modified":"2020-11-03T18:28:25","modified_gmt":"2020-11-03T17:28:25","slug":"jane-doodoo-tjesilica-bronze","status":"publish","type":"product","link":"https:\/\/wp-test.cro-digital.com\/?product=jane-doodoo-tjesilica-bronze","title":{"rendered":"Jane DooDoo tje\u0161ilica &#8211; Bronze"},"content":{"rendered":"<p style=\"text-align: left;\">Jan\u00e9 tje\u0161ilica Doudou nije obi\u010dna pli\u0161ana igra\u010dka. Ona sadr\u017ei \u010dvori\u0107e za masa\u017eu zubi\u0107a i trakicu za kop\u010danje dude. Prekrasna i meka tje\u0161ilica Doudou izra\u0111ena je od nje\u017ene tkanine koja \u0107e odgovarati osjetljivoj ko\u017ei bebe. Prije kori\u0161tenja majka mo\u017ee nekoliko dana spavati sa Doudou tje\u0161ilicom kako bi poprimila njezin miris. Na taj na\u010din Doudou pru\u017eit \u0107e osje\u0107aj sigurnosti i utjehe kako bi dijete moglo mirno spavati.<\/p>\n<ul>\n<li style=\"text-align: left;\">Namijenjeno djeci od ro\u0111enja<\/li>\n<li>Sadr\u017ei \u010dvori\u0107e za masa\u017eu zubi\u0107a i trakicu za kop\u010danje dude<\/li>\n<li>Slu\u017ei kao igra\u010dka\/tje\u0161ilica za bebu<\/li>\n<li>Nje\u017ena tkanina pogodna za osjetljivu ko\u017eu bebe<\/li>\n<li style=\"text-align: left;\">Dimenzije proizvoda: 32\u00d732 cm<\/li>\n<\/ul>\n","protected":false},"excerpt":{"rendered":"<p>Doudou tje\u0161ilica sadr\u017ei \u010dvori\u0107e za masa\u017eu zubi\u0107a i trakicu za kop\u010danje dude, a pru\u017eit \u0107e osje\u0107aj sigurnosti i utjehe kako bi dijete moglo mirno spavati.<\/p>\n","protected":false},"featured_media":459,"comment_status":"closed","ping_status":"closed","template":"","meta":[],"_links":{"self":[{"href":"https:\/\/wp-test.cro-digital.com\/index.php?rest_route=\/wp\/v2\/product\/324"}],"collection":[{"href":"https:\/\/wp-test.cro-digital.com\/index.php?rest_route=\/wp\/v2\/product"}],"about":[{"href":"https:\/\/wp-test.cro-digital.com\/index.php?rest_route=\/wp\/v2\/types\/product"}],"replies":[{"embeddable":true,"href":"https:\/\/wp-test.cro-digital.com\/index.php?rest_route=%2Fwp%2Fv2%2Fcomments&post=324"}],"wp:featuredmedia":[{"embeddable":true,"href":"https:\/\/wp-test.cro-digital.com\/index.php?rest_route=\/wp\/v2\/media\/459"}],"wp:attachment":[{"href":"https:\/\/wp-test.cro-digital.com\/index.php?rest_route=%2Fwp%2Fv2%2Fmedia&parent=324"}],"curies":[{"name":"wp","href":"https:\/\/api.w.org\/{rel}","templated":true}]}}