{"id":339,"date":"2020-11-03T18:25:33","date_gmt":"2020-11-03T17:25:33","guid":{"rendered":"https:\/\/wp-test.cro-digital.com\/?product=import-placeholder-for-19578"},"modified":"2020-11-03T18:29:03","modified_gmt":"2020-11-03T17:29:03","slug":"jane-navlaka-za-rucku-kolica","status":"publish","type":"product","link":"https:\/\/wp-test.cro-digital.com\/?product=jane-navlaka-za-rucku-kolica","title":{"rendered":"Jan\u00e9 navlaka za ru\u010dku kolica"},"content":{"rendered":"<p>Zahvaljuju\u0107i izdr\u017eljivoj elasti\u010dnoj tkanini i patentnom zatvara\u010du ru\u010dka va\u0161ih kolica ostat \u0107e kao nova.<\/p>\n<ul>\n<li>Univerzalna za\u0161titna navlaka<\/li>\n<li>Sprje\u010dava da se ru\u010dka ne zaprlja ili ne istro\u0161i<\/li>\n<li>Ru\u010dka va\u0161ih kolica du\u017ee \u0107e ostati kao nova<\/li>\n<li>Mo\u017ee se prati ru\u010dno ili strojno, a tkanina se brzo su\u0161i<\/li>\n<li>Navlaku stavite na upravlja\u010d i pri\u010dvrstite ju zatvara\u010dem<\/li>\n<li>Zatvara\u010d treba biti skriven na unutra\u0161njoj strani ru\u010dke kolica<\/li>\n<li>Dimenzije: 62 x 10 cm<\/li>\n<\/ul>\n","protected":false},"excerpt":{"rendered":"<p>Zahvaljuju\u0107i izdr\u017eljivoj elasti\u010dnoj tkanini i patentnom zatvara\u010du ru\u010dka va\u0161ih kolica ostat \u0107e kao nova.<\/p>\n","protected":false},"featured_media":483,"comment_status":"closed","ping_status":"closed","template":"","meta":[],"_links":{"self":[{"href":"https:\/\/wp-test.cro-digital.com\/index.php?rest_route=\/wp\/v2\/product\/339"}],"collection":[{"href":"https:\/\/wp-test.cro-digital.com\/index.php?rest_route=\/wp\/v2\/product"}],"about":[{"href":"https:\/\/wp-test.cro-digital.com\/index.php?rest_route=\/wp\/v2\/types\/product"}],"replies":[{"embeddable":true,"href":"https:\/\/wp-test.cro-digital.com\/index.php?rest_route=%2Fwp%2Fv2%2Fcomments&post=339"}],"wp:featuredmedia":[{"embeddable":true,"href":"https:\/\/wp-test.cro-digital.com\/index.php?rest_route=\/wp\/v2\/media\/483"}],"wp:attachment":[{"href":"https:\/\/wp-test.cro-digital.com\/index.php?rest_route=%2Fwp%2Fv2%2Fmedia&parent=339"}],"curies":[{"name":"wp","href":"https:\/\/api.w.org\/{rel}","templated":true}]}}