{"id":340,"date":"2020-11-03T18:25:33","date_gmt":"2020-11-03T17:25:33","guid":{"rendered":"https:\/\/wp-test.cro-digital.com\/?product=import-placeholder-for-19684"},"modified":"2020-11-03T18:29:09","modified_gmt":"2020-11-03T17:29:09","slug":"jane-busybear-tanjur-s-termalnim-postoljem","status":"publish","type":"product","link":"https:\/\/wp-test.cro-digital.com\/?product=jane-busybear-tanjur-s-termalnim-postoljem","title":{"rendered":"Jan\u00e9 Busybear tanjur s termalnim postoljem"},"content":{"rendered":"<p>Tanjur koji sadr\u017ei termalno postolje u koje se pomo\u0107u lijevka mo\u017ee doliti vru\u0107a voda koja \u0107e odr\u017eavati jelo va\u0161eg mali\u0161ana toplim. Sadr\u017ei i gumeno postolje koje se mo\u017ee postaviti ispod tanjura kako va\u0161 zaigrani mali\u0161an ne bi mogao pomicati tanjur po stolu.<\/p>\n<p><strong>Set uklju\u010duje:<\/strong> tanjur, termalno postolje, lijevak i gumeno postolje.<\/p>\n<ul>\n<li>Namijenjeno za kori\u0161tenje od 4+ mjeseci<\/li>\n<li>Perivo u perilici za su\u0111e<\/li>\n<li>Mo\u017ee se koristiti u mikrovalnoj pe\u0107nici<\/li>\n<li>Uklju\u010duje gumeno postolje koje \u0107e sprije\u010diti klizanje pribora za jelo sa stola<\/li>\n<li>Materijal: melamin<\/li>\n<li data-removefontsize=\"true\" data-originalcomputedfontsize=\"16\">100% siguran proizvod<\/li>\n<li data-removefontsize=\"true\" data-originalcomputedfontsize=\"16\">Ne sadr\u017ei: BPA, pvc, folfate, olovo<\/li>\n<li>Dimenzije proizvoda: 24 x 21 x 5 cm<\/li>\n<\/ul>\n","protected":false},"excerpt":{"rendered":"<p>Specijalni tanjur s posebnim spremnikom za vru\u0107u vodu koji \u0107e jelo va\u0161eg mali\u0161ana dr\u017eati toplim.<\/p>\n","protected":false},"featured_media":487,"comment_status":"closed","ping_status":"closed","template":"","meta":[],"_links":{"self":[{"href":"https:\/\/wp-test.cro-digital.com\/index.php?rest_route=\/wp\/v2\/product\/340"}],"collection":[{"href":"https:\/\/wp-test.cro-digital.com\/index.php?rest_route=\/wp\/v2\/product"}],"about":[{"href":"https:\/\/wp-test.cro-digital.com\/index.php?rest_route=\/wp\/v2\/types\/product"}],"replies":[{"embeddable":true,"href":"https:\/\/wp-test.cro-digital.com\/index.php?rest_route=%2Fwp%2Fv2%2Fcomments&post=340"}],"wp:featuredmedia":[{"embeddable":true,"href":"https:\/\/wp-test.cro-digital.com\/index.php?rest_route=\/wp\/v2\/media\/487"}],"wp:attachment":[{"href":"https:\/\/wp-test.cro-digital.com\/index.php?rest_route=%2Fwp%2Fv2%2Fmedia&parent=340"}],"curies":[{"name":"wp","href":"https:\/\/api.w.org\/{rel}","templated":true}]}}