{"id":341,"date":"2020-11-03T18:25:33","date_gmt":"2020-11-03T17:25:33","guid":{"rendered":"https:\/\/wp-test.cro-digital.com\/?product=import-placeholder-for-19688"},"modified":"2020-11-03T18:29:52","modified_gmt":"2020-11-03T17:29:52","slug":"jane-duda-za-hranjenje","status":"publish","type":"product","link":"https:\/\/wp-test.cro-digital.com\/?product=jane-duda-za-hranjenje","title":{"rendered":"Jan\u00e9 duda za hranjenje"},"content":{"rendered":"<p>Jan\u00e9 duda za hranjenje idealno je rje\u0161enje za postepeno uvo\u0111enje krute hrane u bebinu prehranu. Omogu\u0107uje djetetu da samostalno jede, bez opasnosti od gu\u0161enja. Mo\u017ee se koristiti sa svje\u017eim, smrznutim i suhim vo\u0107em, povr\u0107em i ostalom sli\u010dnom hranom.<\/p>\n<ul>\n<li>Duda s mre\u017eicom za vo\u0107e, povr\u0107e i ostalu sli\u010dnu hranu<\/li>\n<li>Mre\u017eica olak\u0161ava uvo\u0111enje krute hrane u djetetovu prehranu<\/li>\n<li>Namijenjeno za djecu od 5+ mj<\/li>\n<li>U pakiranju dolazi duda za hranjenje s mre\u017eicom, jedna dodatna mre\u017eica i lan\u010di\u0107 za dudu s kop\u010dicom<\/li>\n<li>Sadr\u017ei siguran sustav zatvaranja mre\u017eice koji dijete ne mo\u017ee samostalno otvoriti<\/li>\n<li>Jednostavno \u010di\u0161\u0107enje: ru\u010dno ili strojno pranje<\/li>\n<li>100% siguran proizvod<\/li>\n<li>Ne sadr\u017ei: BPA, pvc, folfate, olovo<\/li>\n<li>Dimenzije proizvoda: 14,7\u00d718 cm<\/li>\n<\/ul>\n<p>&nbsp;<\/p>\n<p>&nbsp;<\/p>\n","protected":false},"excerpt":{"rendered":"<p>Jan\u00e9 duda za hranjenje idealno je rje\u0161enje za postepeno uvo\u0111enje krute hrane u bebinu prehranu.\u00a0Omogu\u0107uje djetetu da samostalno jede, bez opasnosti od gu\u0161enja.<\/p>\n","protected":false},"featured_media":489,"comment_status":"closed","ping_status":"closed","template":"","meta":[],"_links":{"self":[{"href":"https:\/\/wp-test.cro-digital.com\/index.php?rest_route=\/wp\/v2\/product\/341"}],"collection":[{"href":"https:\/\/wp-test.cro-digital.com\/index.php?rest_route=\/wp\/v2\/product"}],"about":[{"href":"https:\/\/wp-test.cro-digital.com\/index.php?rest_route=\/wp\/v2\/types\/product"}],"replies":[{"embeddable":true,"href":"https:\/\/wp-test.cro-digital.com\/index.php?rest_route=%2Fwp%2Fv2%2Fcomments&post=341"}],"wp:featuredmedia":[{"embeddable":true,"href":"https:\/\/wp-test.cro-digital.com\/index.php?rest_route=\/wp\/v2\/media\/489"}],"wp:attachment":[{"href":"https:\/\/wp-test.cro-digital.com\/index.php?rest_route=%2Fwp%2Fv2%2Fmedia&parent=341"}],"curies":[{"name":"wp","href":"https:\/\/api.w.org\/{rel}","templated":true}]}}