{"id":36,"date":"2020-11-03T18:19:10","date_gmt":"2020-11-03T17:19:10","guid":{"rendered":"https:\/\/wp-test.cro-digital.com\/?product=import-placeholder-for-12359"},"modified":"2020-11-03T18:20:04","modified_gmt":"2020-11-03T17:20:04","slug":"jane-abc-set-za-jelo","status":"publish","type":"product","link":"https:\/\/wp-test.cro-digital.com\/?product=jane-abc-set-za-jelo","title":{"rendered":"Jane ABC set za jelo"},"content":{"rendered":"<p>Jane ABC set za jelo bit \u0107e omiljeni pomaga\u010d va\u0161eg mali\u0161ana prilikom u\u010denja na samostalne obroke. Set za jelo s veselim motivima spremno \u010deka da po\u010dne pomagati va\u0161em mali\u0161anu kod prvih okusa. Dolazi u prekrasnom pakiranju i biti \u0107e idealan poklon za mali\u0161ane.<\/p>\n<p><strong>Simpati\u010dan dje\u010dji set za jelo uklju\u010duje:<\/strong> tanjur i zdjelicu sa neklizaju\u0107im dnom, \u0161alicu i \u017eli\u010dicu i vilicu.<\/p>\n<ul>\n<li data-removefontsize=\"true\" data-originalcomputedfontsize=\"16\">Sadr\u017ei 1 tanjur, 1 zdjelicu, 1 \u010da\u0161u, te \u017elicu i vilicu<\/li>\n<li data-removefontsize=\"true\" data-originalcomputedfontsize=\"16\">Mo\u017ee se podgrijavati u mikrovalnoj pe\u0107nici<\/li>\n<li data-removefontsize=\"true\" data-originalcomputedfontsize=\"16\">Jednostavno \u010di\u0161\u0107enje: ru\u010dno ili strojno pranje<\/li>\n<li data-removefontsize=\"true\" data-originalcomputedfontsize=\"16\">Pogodno za kori\u0161tenje od 4+ mjeseci<\/li>\n<li data-removefontsize=\"true\" data-originalcomputedfontsize=\"16\">Tanjuri i \u0161alice imaju neklizaju\u0107u podlogu; \u0161to \u0107e sprije\u010diti klizanje pribora za jelo sa stola<\/li>\n<li data-removefontsize=\"true\" data-originalcomputedfontsize=\"16\">Vilica sa zaobljenim vrhovima<\/li>\n<li data-removefontsize=\"true\" data-originalcomputedfontsize=\"16\">\u0160alica s ru\u010dkom<\/li>\n<li>Idealan poklon<\/li>\n<li>Materijal: Melamin<\/li>\n<li data-removefontsize=\"true\" data-originalcomputedfontsize=\"16\">100% siguran proizvod<\/li>\n<li data-removefontsize=\"true\" data-originalcomputedfontsize=\"16\">Ne sadr\u017ei: BPA, pvc, folfate, olovo<\/li>\n<\/ul>\n","protected":false},"excerpt":{"rendered":"<p>Jane ABC set za jelo bit \u0107e omiljeni pomaga\u010d va\u0161eg mali\u0161ana prilikom u\u010denja na samostalne obroke. Set za jelo s veselim motivima spremno \u010deka da po\u010dne pomagati va\u0161em mali\u0161anu kod prvih okusa.<\/p>\n","protected":false},"featured_media":98,"comment_status":"closed","ping_status":"closed","template":"","meta":[],"_links":{"self":[{"href":"https:\/\/wp-test.cro-digital.com\/index.php?rest_route=\/wp\/v2\/product\/36"}],"collection":[{"href":"https:\/\/wp-test.cro-digital.com\/index.php?rest_route=\/wp\/v2\/product"}],"about":[{"href":"https:\/\/wp-test.cro-digital.com\/index.php?rest_route=\/wp\/v2\/types\/product"}],"replies":[{"embeddable":true,"href":"https:\/\/wp-test.cro-digital.com\/index.php?rest_route=%2Fwp%2Fv2%2Fcomments&post=36"}],"wp:featuredmedia":[{"embeddable":true,"href":"https:\/\/wp-test.cro-digital.com\/index.php?rest_route=\/wp\/v2\/media\/98"}],"wp:attachment":[{"href":"https:\/\/wp-test.cro-digital.com\/index.php?rest_route=%2Fwp%2Fv2%2Fmedia&parent=36"}],"curies":[{"name":"wp","href":"https:\/\/api.w.org\/{rel}","templated":true}]}}