{"id":39,"date":"2020-11-03T18:19:11","date_gmt":"2020-11-03T17:19:11","guid":{"rendered":"https:\/\/wp-test.cro-digital.com\/?product=import-placeholder-for-13031"},"modified":"2020-11-03T18:20:17","modified_gmt":"2020-11-03T17:20:17","slug":"jane-aqua-sjedalica-za-kupanje","status":"publish","type":"product","link":"https:\/\/wp-test.cro-digital.com\/?product=jane-aqua-sjedalica-za-kupanje","title":{"rendered":"Jan\u00e9 Aqua sjedalica za kupanje"},"content":{"rendered":"<p>Inovativno sjedalica za kadu bit \u0107e od velike pomo\u0107i prilikom kupanja va\u0161e bebe. U prvim mjesecima slu\u017eit \u0107e kao udobna le\u017ealjka, a kasnije kad beba ve\u0107 mo\u017ee sjediti i kao sjedalica. Osim \u0161to \u0107e ova sjedalica roditeljima omogu\u0107iti nesmetanu njegu s obje ruke, bebi \u0107e priu\u0161titi mir i opu\u0161tanje.<span class=\"Apple-converted-space\">\u00a0Zahvaljuju\u0107i\u00a0<\/span>posebnom mekom materijalu s protuklizaju\u0107om sjede\u0107om povr\u0161inom ovo sjedalo sigurano je i udobno rje\u0161enje za ko\u017eu va\u0161e bebe.<\/p>\n<ul>\n<li>Prikladno za kori\u0161tenje od ro\u0111enja<\/li>\n<li>2u1 &#8211; podesivi naslon za le\u017ee\u0107i i sjede\u0107i polo\u017eaj<\/li>\n<li>Kao le\u017ealjka &#8211; prikladna od ro\u0111enja; kao sjedalo &#8211; kad dijete mo\u017ee sjediti<\/li>\n<li>Meka i protuklizaju\u0107a sjede\u0107a povr\u0161ina sprije\u010dava bebino klizanje + udobna za bebinu osjetljivu ko\u017eu<\/li>\n<li>Podstavljeni naslon za le\u0111a i sjedalo za maksimalnu udobnost i odr\u017eavanje bebinog tijela na istoj temperaturi<\/li>\n<li>Prednji otvor na nogice omogu\u0107uje udobnije sjedenje<\/li>\n<li>Jednostavno sklapanje<\/li>\n<li>Veliki vakum \u010depovi dr\u017ee sjedalo sigurno priljepljeno za povr\u0161inu kade<\/li>\n<li>Materijali: polikarbonatna plastika; EVA &#8211; sjedalo i naslon<\/li>\n<li>100% sigurno za va\u0161e dijete<\/li>\n<\/ul>\n","protected":false},"excerpt":{"rendered":"<p>Inovativno sjedalo za kadu\u00a0bit \u0107e od velike pomo\u0107i prilikom kupanja va\u0161e bebe. U prvim mjesecima slu\u017eit \u0107e kao udobna le\u017ealjka, a kasnije kad beba ve\u0107 mo\u017ee sjediti i kao sjedalica.<\/p>\n","protected":false},"featured_media":104,"comment_status":"closed","ping_status":"closed","template":"","meta":[],"_links":{"self":[{"href":"https:\/\/wp-test.cro-digital.com\/index.php?rest_route=\/wp\/v2\/product\/39"}],"collection":[{"href":"https:\/\/wp-test.cro-digital.com\/index.php?rest_route=\/wp\/v2\/product"}],"about":[{"href":"https:\/\/wp-test.cro-digital.com\/index.php?rest_route=\/wp\/v2\/types\/product"}],"replies":[{"embeddable":true,"href":"https:\/\/wp-test.cro-digital.com\/index.php?rest_route=%2Fwp%2Fv2%2Fcomments&post=39"}],"wp:featuredmedia":[{"embeddable":true,"href":"https:\/\/wp-test.cro-digital.com\/index.php?rest_route=\/wp\/v2\/media\/104"}],"wp:attachment":[{"href":"https:\/\/wp-test.cro-digital.com\/index.php?rest_route=%2Fwp%2Fv2%2Fmedia&parent=39"}],"curies":[{"name":"wp","href":"https:\/\/api.w.org\/{rel}","templated":true}]}}