{"id":41,"date":"2020-11-03T18:19:11","date_gmt":"2020-11-03T17:19:11","guid":{"rendered":"https:\/\/wp-test.cro-digital.com\/?product=import-placeholder-for-13448"},"modified":"2020-11-03T18:20:38","modified_gmt":"2020-11-03T17:20:38","slug":"jane-go-up-surfer-nastavak-za-drugo-dijete","status":"publish","type":"product","link":"https:\/\/wp-test.cro-digital.com\/?product=jane-go-up-surfer-nastavak-za-drugo-dijete","title":{"rendered":"Jan\u00e9 Go Up Surfer nastavak za drugo dijete"},"content":{"rendered":"<p>Nastavak za drugo dijete Go Up Surfer siguran je i zabavan na\u010din na koji \u0107e se va\u0161e starije dijete voziti sa svojom sekom ili bracom u kolicima. Go Up Surfer platforma posebno je dizajnirana kako bi se prilagodila va\u0161im kolicima, osiguravaju\u0107i puno jednostavnije, br\u017ee i sigurnije postavljanje od bilo koje druge platforme.<\/p>\n<ul>\n<li>Nastavak za drugo dijete<\/li>\n<li>\u010cvrsta i sigurna, produ\u017eena baza nosivosti do 20 kg djetetove te\u017eine<\/li>\n<li>Idealno je rje\u0161enje kada va\u0161e dijete postane umorno ili ako ste u \u017eurbi<\/li>\n<li>Odvojiva od adaptera koji ne smetaju kod sklapanja konstrukcije kolica<\/li>\n<li>Brzo i jednostavno montiranje<\/li>\n<li>Pristaje gotovo svim Jane kolicima<\/li>\n<li>Kvalitetni kota\u010di sa amortizerima, za tihu i ugodnu vo\u017enju<\/li>\n<li>Kota\u010di platforme se rotiraju za 360\u00b0<\/li>\n<li>Neklizaju\u0107a povr\u0161ina gazi\u0161ta<\/li>\n<li>Kad ju ne koristite mo\u017eete ju podi\u0107i prema gore<\/li>\n<li>Materijali: plastika i aluminij<\/li>\n<li>Dimenzije proizvoda : 38 x 29 x 38 cm<\/li>\n<\/ul>\n<p><strong>Na temelju na\u0161eg testiranja sa siguro\u0161\u0107u mo\u017eemo potvrditi da nastavak odgovara slijede\u0107im modelima Jane kolica:<\/strong> Kawai, Kendo, Muum, Epic, Rider, Trider i Crosswalk.<\/p>\n","protected":false},"excerpt":{"rendered":"<p>Nastavak za drugo dijete Go Up Surfer siguran je i zabavan na\u010din na koji \u0107e se va\u0161e starije dijete voziti sa svojom sekom ili bracom u kolicima.<\/p>\n","protected":false},"featured_media":119,"comment_status":"closed","ping_status":"closed","template":"","meta":[],"_links":{"self":[{"href":"https:\/\/wp-test.cro-digital.com\/index.php?rest_route=\/wp\/v2\/product\/41"}],"collection":[{"href":"https:\/\/wp-test.cro-digital.com\/index.php?rest_route=\/wp\/v2\/product"}],"about":[{"href":"https:\/\/wp-test.cro-digital.com\/index.php?rest_route=\/wp\/v2\/types\/product"}],"replies":[{"embeddable":true,"href":"https:\/\/wp-test.cro-digital.com\/index.php?rest_route=%2Fwp%2Fv2%2Fcomments&post=41"}],"wp:featuredmedia":[{"embeddable":true,"href":"https:\/\/wp-test.cro-digital.com\/index.php?rest_route=\/wp\/v2\/media\/119"}],"wp:attachment":[{"href":"https:\/\/wp-test.cro-digital.com\/index.php?rest_route=%2Fwp%2Fv2%2Fmedia&parent=41"}],"curies":[{"name":"wp","href":"https:\/\/api.w.org\/{rel}","templated":true}]}}