{"id":46,"date":"2020-11-03T18:19:12","date_gmt":"2020-11-03T17:19:12","guid":{"rendered":"https:\/\/wp-test.cro-digital.com\/?product=import-placeholder-for-13467"},"modified":"2020-11-03T18:23:24","modified_gmt":"2020-11-03T17:23:24","slug":"jane-navlaka-za-podlogu-za-prematanje","status":"publish","type":"product","link":"https:\/\/wp-test.cro-digital.com\/?product=jane-navlaka-za-podlogu-za-prematanje","title":{"rendered":"Jane navlaka za podlogu za prematanje"},"content":{"rendered":"<p>Udobna i meka navlaka za podlogu za prematanje koju \u0107e bebina ko\u017ea obo\u017eavati. Elasti\u010dna trakica na donjoj strani pamu\u010dne navlake omogu\u0107ava jednostavno postavljanje na ve\u0107inu podloga za previjanje.<\/p>\n<ul>\n<li>Pamu\u010dna navlaka za podlogu za prematanje.<\/li>\n<li>Navlaka se mo\u017ee prati u perilici, te se lako postavlja i skida.<\/li>\n<li><strong>Materijal:<\/strong> 100% pamuk<\/li>\n<li><strong>Dostupno u dvije dimenzije:<\/strong> 70 x 50 cm i 80 x 50 cm<\/li>\n<\/ul>\n","protected":false},"excerpt":{"rendered":"<p>Udobna i meka navlaka za podlogu za prematanje koju \u0107e bebina ko\u017ea obo\u017eavati.<\/p>\n","protected":false},"featured_media":138,"comment_status":"closed","ping_status":"closed","template":"","meta":[],"_links":{"self":[{"href":"https:\/\/wp-test.cro-digital.com\/index.php?rest_route=\/wp\/v2\/product\/46"}],"collection":[{"href":"https:\/\/wp-test.cro-digital.com\/index.php?rest_route=\/wp\/v2\/product"}],"about":[{"href":"https:\/\/wp-test.cro-digital.com\/index.php?rest_route=\/wp\/v2\/types\/product"}],"replies":[{"embeddable":true,"href":"https:\/\/wp-test.cro-digital.com\/index.php?rest_route=%2Fwp%2Fv2%2Fcomments&post=46"}],"wp:featuredmedia":[{"embeddable":true,"href":"https:\/\/wp-test.cro-digital.com\/index.php?rest_route=\/wp\/v2\/media\/138"}],"wp:attachment":[{"href":"https:\/\/wp-test.cro-digital.com\/index.php?rest_route=%2Fwp%2Fv2%2Fmedia&parent=46"}],"curies":[{"name":"wp","href":"https:\/\/api.w.org\/{rel}","templated":true}]}}