{"id":523,"date":"2020-11-03T18:29:55","date_gmt":"2020-11-03T17:29:55","guid":{"rendered":"https:\/\/wp-test.cro-digital.com\/?product=import-placeholder-for-6112-t82"},"modified":"2020-11-03T18:37:17","modified_gmt":"2020-11-03T17:37:17","slug":"jane-evolution-lezaljka-cosmos","status":"publish","type":"product","link":"https:\/\/wp-test.cro-digital.com\/?product=jane-evolution-lezaljka-cosmos","title":{"rendered":"Jane Evolution le\u017ealjka &#8211; Cosmos"},"content":{"rendered":"<p>Jane Evolution \u010dvrsta je i stabilna le\u017ealjka i stolica za starije dijete. Elegantna le\u017ealjka namijenjena je dijetetu od ro\u0111enja, a zahvaljuju\u0107i podesivom naslonu u 3 razine pratit \u0107e rast va\u0161eg djeteta do 3 godine starosti. Kad dijete navr\u0161i 9 mjeseci, le\u017ealjku mo\u017eete pretvoriti u djetetovu prvu stolicu kojom se ono mo\u017ee koristiti do 3 godine starosti. Evolution le\u017ealjka nudi luk s mekanim igra\u010dkicama i simpati\u010dne melodije koje \u0107e se pobrinuti za zabavu va\u0161eg djeteta. Le\u017ealjka\/njihaljka atraktivnog dizajna izuzetno je lagana, sklopiva i pogodna za transport, pa ju mo\u017eete nositi gdje god je ona va\u0161em djetetu potrebna. Mekana pamu\u010dna navlaka preko cijele le\u017ealjke pru\u017ea djetetu ve\u0107u udobnost, \u0161to omogu\u0107uje du\u017ei boravak i spavanje u njoj.<\/p>\n<ul>\n<li>Le\u017ealjka za ljuljanje i stolica za starije dijete<\/li>\n<li>Namijenjena za kori\u0161tenje od ro\u0111enja do 3 godine starosti<\/li>\n<li>Sadr\u017ei luk s mekanim i perivim igra\u010dkama<\/li>\n<li>Kompaktna i sklopiva<\/li>\n<li>Regulacija nagiba za le\u0111a i no\u017eice u tri razine<\/li>\n<li>Periva, punjena navlaka za optimalnu udobnost<\/li>\n<li>Vibracije i glazba (2 melodije) \u2013 dvije baterije dolaze u pakiranju<\/li>\n<li>Dimenzije sklopljene ljulja\u010dke: 77 x 51 x 18 cm<\/li>\n<li>Te\u017eina ljulja\u010dke: 4 kg<\/li>\n<\/ul>\n","protected":false},"excerpt":{"rendered":"<p>Jane Evolution \u010dvrsta je i stabilna le\u017ealjka i stolica za starije dijete. Elegantna le\u017ealjka namijenjena je dijetetu od ro\u0111enja, a zahvaljuju\u0107i podesivom naslonu u 3 razine pratit \u0107e rast va\u0161eg djeteta do 3 godine starosti.<\/p>\n","protected":false},"featured_media":821,"comment_status":"closed","ping_status":"closed","template":"","meta":[],"_links":{"self":[{"href":"https:\/\/wp-test.cro-digital.com\/index.php?rest_route=\/wp\/v2\/product\/523"}],"collection":[{"href":"https:\/\/wp-test.cro-digital.com\/index.php?rest_route=\/wp\/v2\/product"}],"about":[{"href":"https:\/\/wp-test.cro-digital.com\/index.php?rest_route=\/wp\/v2\/types\/product"}],"replies":[{"embeddable":true,"href":"https:\/\/wp-test.cro-digital.com\/index.php?rest_route=%2Fwp%2Fv2%2Fcomments&post=523"}],"wp:featuredmedia":[{"embeddable":true,"href":"https:\/\/wp-test.cro-digital.com\/index.php?rest_route=\/wp\/v2\/media\/821"}],"wp:attachment":[{"href":"https:\/\/wp-test.cro-digital.com\/index.php?rest_route=%2Fwp%2Fv2%2Fmedia&parent=523"}],"curies":[{"name":"wp","href":"https:\/\/api.w.org\/{rel}","templated":true}]}}