{"id":65,"date":"2020-11-03T18:19:36","date_gmt":"2020-11-03T17:19:36","guid":{"rendered":"https:\/\/wp-test.cro-digital.com\/?product=import-placeholder-for-13751"},"modified":"2020-11-03T18:21:57","modified_gmt":"2020-11-03T17:21:57","slug":"jane-cocoon-marama-za-nosenje-bebe-greyland","status":"publish","type":"product","link":"https:\/\/wp-test.cro-digital.com\/?product=jane-cocoon-marama-za-nosenje-bebe-greyland","title":{"rendered":"Jane Cocoon marama za no\u0161enje bebe &#8211; Greyland"},"content":{"rendered":"<p>Jane Cocoon sling marama na vezanje namjenjena je za no\u0161enje od ro\u0111enja (minimalno 3,5 kg) do 15 kg djetetove te\u017eine.<br \/>\nNapravljena od mekog i prozra\u010dnog materijala (bambusa), idealna je za nedono\u0161\u010de jer se u potpunosti prilago\u0111ava anatomiji bebinog i va\u0161eg tijela, ne stvaraju\u0107i pritisak niti u jednoj to\u010dki vezanja. Pru\u017ea 3 na\u010dina no\u0161enja, svaki dr\u017ei djetetovu kralje\u017enicu i kukove u ispravnom ergonomskom polo\u017eaju. U bolnicama se koristi za \u2018klokan\u2019 metodu no\u0161enja.<\/p>\n<p><img loading=\"lazy\" class=\"aligncenter size-full wp-image-38267\" src=\"https:\/\/www.all4kids.com.hr\/wp-content\/uploads\/2017\/11\/cocoon-install.jpg\" alt=\"\" width=\"2033\" height=\"699\" \/><\/p>\n<p><img loading=\"lazy\" class=\"alignleft size-full wp-image-18638\" src=\"https:\/\/www.all4kids.com.hr\/wp-content\/uploads\/2017\/11\/BC696F08-9698-4FA1-A17A-DF1B5AAA3434.jpeg\" alt=\"\" width=\"1634\" height=\"699\" \/><\/p>\n<p>&nbsp;<\/p>\n<ul>\n<li>Elasti\u010dna marama za no\u0161enje bebe<\/li>\n<li>Pogodno za kori\u0161tenje od ro\u0111enja do 15 kg djetetove te\u017eine<\/li>\n<li>Napravljeno od elasti\u010dnog materijala &#8211; UVA i UVB za\u0161tita (SPF 50+)<\/li>\n<li>Idealno za nedono\u0161\u010dad<\/li>\n<li>U bolnicama se koristi za \u2018klokan\u2019 metodu no\u0161enja<\/li>\n<li>Pru\u017ea najprirodniji polo\u017eaj no\u0161enja bez pritiska<\/li>\n<li>Prozra\u010dni materijali &#8211; bambus<\/li>\n<li>Perivo u perilici za rublje<\/li>\n<li>Uklju\u0107uje torbicu za prijenos<\/li>\n<li>Maksimalno optere\u0107enje: 15 kg<\/li>\n<li>Dimenzije: 510 x 55 cm<\/li>\n<\/ul>\n<p>&nbsp;<\/p>\n","protected":false},"excerpt":{"rendered":"<p>Cocoon marama napravljena od mekog i prozra\u010dnog materijala (bambusa), idealna je za nedono\u0161\u010de jer se u potpunosti prilago\u0111ava anatomiji bebinog i va\u0161eg tijela, ne stvaraju\u0107i pritisak niti u jednoj to\u010dki vezanja.<\/p>\n","protected":false},"featured_media":170,"comment_status":"closed","ping_status":"closed","template":"","meta":[],"_links":{"self":[{"href":"https:\/\/wp-test.cro-digital.com\/index.php?rest_route=\/wp\/v2\/product\/65"}],"collection":[{"href":"https:\/\/wp-test.cro-digital.com\/index.php?rest_route=\/wp\/v2\/product"}],"about":[{"href":"https:\/\/wp-test.cro-digital.com\/index.php?rest_route=\/wp\/v2\/types\/product"}],"replies":[{"embeddable":true,"href":"https:\/\/wp-test.cro-digital.com\/index.php?rest_route=%2Fwp%2Fv2%2Fcomments&post=65"}],"wp:featuredmedia":[{"embeddable":true,"href":"https:\/\/wp-test.cro-digital.com\/index.php?rest_route=\/wp\/v2\/media\/170"}],"wp:attachment":[{"href":"https:\/\/wp-test.cro-digital.com\/index.php?rest_route=%2Fwp%2Fv2%2Fmedia&parent=65"}],"curies":[{"name":"wp","href":"https:\/\/api.w.org\/{rel}","templated":true}]}}