{"id":69,"date":"2020-11-03T18:19:37","date_gmt":"2020-11-03T17:19:37","guid":{"rendered":"https:\/\/wp-test.cro-digital.com\/?product=import-placeholder-for-080497-t34"},"modified":"2020-11-03T18:37:15","modified_gmt":"2020-11-03T17:37:15","slug":"jane-smart-univerzalna-kosara-jet-black","status":"publish","type":"product","link":"https:\/\/wp-test.cro-digital.com\/?product=jane-smart-univerzalna-kosara-jet-black","title":{"rendered":"Jane Smart univerzalna ko\u0161ara &#8211; Jet Black"},"content":{"rendered":"<p>Smart ko\u0161ara za najbolje izlete s va\u0161om bebom. Univerzalna ko\u0161ara za kolica sadr\u017ei krovi\u0107 i presvu\u010dena je s visokokvalitetnom 3D rastezljivom tkaninom. Ona je sklopiva, prozra\u010dna, sa SPF 50+ za\u0161titom od sunca, vodootporna je i \u0161titi dijete od vjetra. U Smart ko\u0161ari va\u0161a \u0107e beba biti sigurna, udobno smje\u0161tena i spremna za super avanture. Mekana ko\u0161ara opremljena Pro-Fix sustavom, \u0161to ju \u010dini kompatibilnom sa svim Jan\u00e9ovim kolicima.<\/p>\n<ul>\n<li>Univerzalna ko\u0161ara<\/li>\n<li>Namijenjena bebama od 0 &#8211; 9 kg<\/li>\n<li>Najlak\u0161a ko\u0161ara &#8211; Smart je dizajniran kao svestrana ko\u0161ara, vrlo jednostavna za rukovanje \u2013potpuno se prilago\u0111ava va\u0161im potrebama<\/li>\n<li>Mo\u017ee se pri\u010dvrstite na sva Jan\u00e9 kolica &#8211; univerzalni dizajn s trakama za pri\u010dvr\u0161\u0107ivanje omogu\u0107uje joj da se uklopi i u najmanja kolica<\/li>\n<li>Opremljena je jastu\u010di\u0107em koji slu\u017ei kao pode\u0161iva\u010d kuta kako bi \u0161to bolje prijanjala kolicima<\/li>\n<li>Sadr\u017ei produljiv krovi\u0107 koji se prema potrebi mo\u017ee ukloniti<\/li>\n<li>Napravljena je od visokokvalitetne 3D elasti\u010dne tkanine koja je vodootporna i \u0161titi djete od vjetra; sadr\u017ei anti UVA, UVB sustav i SPF 50+<\/li>\n<li>Uklonjive i perive navlake<\/li>\n<li>\u010cvrsta, stabilna i fleksibilna baza ko\u0161are<\/li>\n<li>Uklju\u010duje ru\u010dke koje omogu\u0107uju lak prijenos ko\u0161are<\/li>\n<li>Sadr\u017ei trake za pri\u010dvr\u0161\u0107ivanje ko\u0161are na kolica<\/li>\n<li>Dimenzije ko\u0161are (s krovi\u0107em) : 67 x 29,5 x 43 cm<\/li>\n<li>Dimenzije sklopljene ko\u0161are: 67 x 29,5 x 20 cm<\/li>\n<li>Te\u017eina ko\u0161are: 1,8 kg<\/li>\n<\/ul>\n<p><img loading=\"lazy\" class=\"aligncenter size-full wp-image-26301\" src=\"https:\/\/www.all4kids.com.hr\/wp-content\/uploads\/2020\/02\/smartcarrycotls.jpg\" alt=\"\" width=\"1500\" height=\"667\" \/><\/p>\n","protected":false},"excerpt":{"rendered":"<p>Smart ko\u0161ara za najbolje izlete s va\u0161om bebom. U Smart ko\u0161ari va\u0161a \u0107e beba biti sigurna, udobno smje\u0161tena i spremna za super avanture.<\/p>\n","protected":false},"featured_media":820,"comment_status":"closed","ping_status":"closed","template":"","meta":[],"_links":{"self":[{"href":"https:\/\/wp-test.cro-digital.com\/index.php?rest_route=\/wp\/v2\/product\/69"}],"collection":[{"href":"https:\/\/wp-test.cro-digital.com\/index.php?rest_route=\/wp\/v2\/product"}],"about":[{"href":"https:\/\/wp-test.cro-digital.com\/index.php?rest_route=\/wp\/v2\/types\/product"}],"replies":[{"embeddable":true,"href":"https:\/\/wp-test.cro-digital.com\/index.php?rest_route=%2Fwp%2Fv2%2Fcomments&post=69"}],"wp:featuredmedia":[{"embeddable":true,"href":"https:\/\/wp-test.cro-digital.com\/index.php?rest_route=\/wp\/v2\/media\/820"}],"wp:attachment":[{"href":"https:\/\/wp-test.cro-digital.com\/index.php?rest_route=%2Fwp%2Fv2%2Fmedia&parent=69"}],"curies":[{"name":"wp","href":"https:\/\/api.w.org\/{rel}","templated":true}]}}