{"id":702,"date":"2020-11-03T18:34:49","date_gmt":"2020-11-03T17:34:49","guid":{"rendered":"https:\/\/wp-test.cro-digital.com\/?product=import-placeholder-for-26402"},"modified":"2020-11-03T18:37:45","modified_gmt":"2020-11-03T17:37:45","slug":"jane-formula-kid-hodalica","status":"publish","type":"product","link":"https:\/\/wp-test.cro-digital.com\/?product=jane-formula-kid-hodalica","title":{"rendered":"Jane Formula Kid hodalica"},"content":{"rendered":"<p>Od trenutka kada dijete napuni 6 mjeseci, a prije nego \u0161to je nau\u010dilo samostalno hodati, hodalica Formula kid bit \u0107e od pomo\u0107i u njegovim prvim koracima, odnosno u prvim poku\u0161ajima istra\u017eivanja okoline. Formula Kid dizajnirana je s ekskluzivnim silikonskim kota\u010di\u0107ima koji ju \u010dine vrlo tihom, udobnom i lakom za upravljanje. Silikonski kota\u010di\u0107i idealni su za osjetljive povr\u0161ine unutar ku\u0107e, poput parketa. Hodalica Formula kid sadr\u017ei sve potrebne sigurnosne sustave, dok djetetu jam\u010di vrhunsku zabavu zahvaljuju\u0107i zabavnom pladnju i zvukovima. Kako bi dijete bilo maksimalno sigurno, hodalica je opremljena mehanizmom protiv proklizavanja koji zaklju\u010dava hodalicu prilikom ve\u0107eg ubrzanja, a uklju\u010duje i \u0161titnik oko donje baze koji \u0107e \u010duvati namje\u0161taj od ogrebotina.<\/p>\n<ul>\n<li>Pogodno za djecu u dobi od 6 mjeseci do oko 12 kg (dok beba ne hoda bez pomo\u0107i)<\/li>\n<li>Patentirana hodalica koja \u0107e va\u0161em mali\u0161anu stvoriti svijet zabave i uzbu\u0111enja<\/li>\n<li>Dizajnirana za stvaranje sigurnog okru\u017eenja koje \u0107e potaknuti dijete na njegove prve korake<\/li>\n<li>Nudi 3 razli\u010dite visine sjedala koje \u0107e pratiti rast djeteta<\/li>\n<li>Sadr\u017ei \u0161titnik oko donje baze koji \u0161titi namje\u0161taj, te sprje\u010dava direktno zabijanje u vrata i zidove<\/li>\n<li>Uklonjiva i periva navlaka<\/li>\n<li>Sadr\u017ei sigurnosni sustav za zaklju\u010davanje hodalice<\/li>\n<li>Sadr\u017ei pladanj sa zabavnim aktivnostima, svjetlima i stvarnim zvukovima trka\u0107ih automobila<\/li>\n<li>Ekskluzivni kota\u010di\u0107i izra\u0111eni od silikona &#8211; vrlo tihi i pogodni za parkete<\/li>\n<li>Dimenzije sklopljene hodalice: 67 x 72 x 42 cm<\/li>\n<li>Te\u017eina hodalice: 6,5 kg<\/li>\n<\/ul>\n","protected":false},"excerpt":{"rendered":"<p>Hodalica Formula kid bit \u0107e od pomo\u0107i kod djetetovih prvih koraka, odnosno u prvim poku\u0161ajima istra\u017eivanja okoline. Formula Kid dizajnirana je s ekskluzivnim silikonskim kota\u010di\u0107ima koji ju \u010dine vrlo tihom, udobnom i lakom za upravljanje.<\/p>\n","protected":false},"featured_media":841,"comment_status":"closed","ping_status":"closed","template":"","meta":[],"_links":{"self":[{"href":"https:\/\/wp-test.cro-digital.com\/index.php?rest_route=\/wp\/v2\/product\/702"}],"collection":[{"href":"https:\/\/wp-test.cro-digital.com\/index.php?rest_route=\/wp\/v2\/product"}],"about":[{"href":"https:\/\/wp-test.cro-digital.com\/index.php?rest_route=\/wp\/v2\/types\/product"}],"replies":[{"embeddable":true,"href":"https:\/\/wp-test.cro-digital.com\/index.php?rest_route=%2Fwp%2Fv2%2Fcomments&post=702"}],"wp:featuredmedia":[{"embeddable":true,"href":"https:\/\/wp-test.cro-digital.com\/index.php?rest_route=\/wp\/v2\/media\/841"}],"wp:attachment":[{"href":"https:\/\/wp-test.cro-digital.com\/index.php?rest_route=%2Fwp%2Fv2%2Fmedia&parent=702"}],"curies":[{"name":"wp","href":"https:\/\/api.w.org\/{rel}","templated":true}]}}