{"id":848,"date":"2020-11-03T18:37:51","date_gmt":"2020-11-03T17:37:51","guid":{"rendered":"https:\/\/wp-test.cro-digital.com\/?product=import-placeholder-for-29201"},"modified":"2020-11-03T18:41:08","modified_gmt":"2020-11-03T17:41:08","slug":"jane-avant-torba-hranilica-greyland-ii","status":"publish","type":"product","link":"https:\/\/wp-test.cro-digital.com\/?product=jane-avant-torba-hranilica-greyland-ii","title":{"rendered":"Jan\u00e9 Avant torba\/hranilica &#8211; Greyland II"},"content":{"rendered":"<p>Torba koju mo\u017eete pretvoriti u hranilicu kada ste u gostima, kod prijatelja, rodbine ili kod vas doma. Izuzetno prakti\u010dan dodatak za kolica koji nudi \u010dak dvije vrlo korisne funkcije.<\/p>\n<ul>\n<li>Namjenjeno djeci do 3 godine starosti<\/li>\n<li>Izra\u0111ena je od laganog unutarnjeg kalupa od kvalitetne plastike<\/li>\n<li>Veliki bo\u010dni d\u017eepovi nude dodatan prostor za odlaganje stvari potrebnih za va\u0161e dijete<\/li>\n<li>Pomo\u0107u remen\u010di\u0107a ju je jednostavno montirati na svaku stolicu s naslonom<\/li>\n<li>Sadr\u017ei prednji d\u017eep za lak\u0161i pristup stvarima kad je hranilica ve\u0107 postavljena na stolicu s naslonom<\/li>\n<li>Hranilica ima bo\u010dne stranice da se dijete ne prevrne<\/li>\n<li>Sadr\u017ei i sigurnosne remen\u010di\u0107e za vezanje djeteta<\/li>\n<li>Jednostavno se odr\u017eava jer materijal od kojeg je napravljena ne upija mrlje i teku\u0107inu<\/li>\n<li>Maksimalno optere\u0107enje: 15 kg<\/li>\n<li>Dimenzije hranilice: 38,5 x 15 x 31 cm<\/li>\n<li>Dimenzije torbe: 40 x 30 x 15 cm<\/li>\n<\/ul>\n","protected":false},"excerpt":{"rendered":"<p>Torba koju mo\u017eete pretvoriti u hranilicu kada ste u gostima, kod prijatelja, rodbine ili kod vas doma. Izuzetno prakti\u010dan dodatak za kolica koji nudi \u010dak dvije vrlo korisne funkcije.<\/p>\n","protected":false},"featured_media":1017,"comment_status":"closed","ping_status":"closed","template":"","meta":[],"_links":{"self":[{"href":"https:\/\/wp-test.cro-digital.com\/index.php?rest_route=\/wp\/v2\/product\/848"}],"collection":[{"href":"https:\/\/wp-test.cro-digital.com\/index.php?rest_route=\/wp\/v2\/product"}],"about":[{"href":"https:\/\/wp-test.cro-digital.com\/index.php?rest_route=\/wp\/v2\/types\/product"}],"replies":[{"embeddable":true,"href":"https:\/\/wp-test.cro-digital.com\/index.php?rest_route=%2Fwp%2Fv2%2Fcomments&post=848"}],"wp:featuredmedia":[{"embeddable":true,"href":"https:\/\/wp-test.cro-digital.com\/index.php?rest_route=\/wp\/v2\/media\/1017"}],"wp:attachment":[{"href":"https:\/\/wp-test.cro-digital.com\/index.php?rest_route=%2Fwp%2Fv2%2Fmedia&parent=848"}],"curies":[{"name":"wp","href":"https:\/\/api.w.org\/{rel}","templated":true}]}}