{"id":849,"date":"2020-11-03T18:37:51","date_gmt":"2020-11-03T17:37:51","guid":{"rendered":"https:\/\/wp-test.cro-digital.com\/?product=import-placeholder-for-31440"},"modified":"2020-11-03T18:41:16","modified_gmt":"2020-11-03T17:41:16","slug":"aqua-scale-3u1-kadica-s-termometrom-i-vagom","status":"publish","type":"product","link":"https:\/\/wp-test.cro-digital.com\/?product=aqua-scale-3u1-kadica-s-termometrom-i-vagom","title":{"rendered":"Aqua Scale 3u1 kadica s termometrom i vagom"},"content":{"rendered":"<p>Svaki pedijatar i roditelj potvrditi \u0107e vam da je pravilan rast te\u017eine bebe izuzetno bitan u prvim mjesecima rasta i razvoja. Aqua Scale kadica je prva vi\u0161enamjenska kadica za kupanje koja roditeljima omogu\u0107ava jednostavno vaganje bebe i kontinuirano pra\u0107enje temperature kupke u kojoj se beba kupa.<\/p>\n<p>Jedinstveni oblik spremnika i anti-slip podloga osiguravaju sigurnu uporabu za dojen\u010dad do 2 godine starosti, odnosno dok beba ne bude u stanju sjediti bez pomo\u0107i. Jednostavno stavite dijete u kadu i ona \u0107e vam to\u010dno izmjeriti njegovu te\u017einu. Aqua Scale je proizveo i termometar koji omogu\u0107uje kontinuirano pra\u0107enje temperature vode i to\u010dno prikazuje rezultate na LCD zaslonu u digitalnom obliku. To vam omogu\u0107uje da prije kupanja pripremite odgovaraju\u0107u temperaturu vode za potpuno opu\u0161tanje.<\/p>\n<ul>\n<li>Multifunkcionalni proizvod &#8211; bilje\u017ei preciznu te\u017einu va\u0161e bebe, istovremeno prilago\u0111avaju\u0107i temperaturu vode<\/li>\n<li>Namijenjena za kori\u0161tenje od ro\u0111enja do 2 godine starosti<\/li>\n<li>Aquascale ima ulo\u017eak kako bi se bebe do 6 mjeseci starosti sigurno smjestile u kadi. Nakon 6 mjeseci, umetak uklonite i Aquascale \u0107e se pretvoriti u kadu koju dijete mo\u017ee koristiti do 2 godine starosti odnosno do 15kg te\u017eine<\/li>\n<li>Ima Anti-Slip (protukliznu) povr\u0161inu kadice koja \u010duva bebu na mjestu i pru\u017ea dodatnu udobnost dojen\u010detu.<\/li>\n<li>Sadr\u017ei digitalnu vagu i termometar za vodu.<\/li>\n<li><strong>Digitalna vaga:<\/strong> Omogu\u0107ava precizno mjerenje bebine te\u017eine sa ili bez vode u kadici. Digitalni prikaz te\u017eine iskazuje se u gramima na LCD ekranu, a pohranjuje i prija\u0161nju izmjerenu te\u017einu djeteta.<\/li>\n<li><strong>Termometar za vodu: <\/strong>Omogu\u0107uje pra\u0107enje temperature vode tijekom kupanja, kako voda nebi bila niti prevru\u0107a niti prehladna.<\/li>\n<li>Atraktivan dizajn s velikim displayem.<\/li>\n<li>Koriste se baterije 1,5V AAA &#8211; 2 komada. Baterije nisu uklju\u010dene u cijenu te se kupuju odvojeno.<\/li>\n<li>Jednostavna za \u010di\u0161\u0107enje, bez BPA<\/li>\n<li>Dimenzije: 30\u00d750\u00d780 cm<\/li>\n<\/ul>\n<div><strong><em>Mo\u017ee se nadograditi i Aqua Scale stalakom koji se prodaje zasebno*<\/em><\/strong><\/div>\n<div><img loading=\"lazy\" class=\"aligncenter size-full wp-image-31443\" src=\"https:\/\/www.all4kids.com.hr\/wp-content\/uploads\/2020\/04\/aquascale-web-scaled.jpg\" alt=\"\" width=\"1200\" height=\"1600\" \/><\/div>\n<div><\/div>\n","protected":false},"excerpt":{"rendered":"<p>Najinovativnija dje\u010dja kadica na svijetu omogu\u0107uje mjerenje bebine te\u017eine u ugodnom i toplom okru\u017eenju. Aqua Scale 3u1 je digitalna vaga, termometar za vodu i kadica za kupanje u dva polo\u017eaja.<\/p>\n","protected":false},"featured_media":1020,"comment_status":"closed","ping_status":"closed","template":"","meta":[],"_links":{"self":[{"href":"https:\/\/wp-test.cro-digital.com\/index.php?rest_route=\/wp\/v2\/product\/849"}],"collection":[{"href":"https:\/\/wp-test.cro-digital.com\/index.php?rest_route=\/wp\/v2\/product"}],"about":[{"href":"https:\/\/wp-test.cro-digital.com\/index.php?rest_route=\/wp\/v2\/types\/product"}],"replies":[{"embeddable":true,"href":"https:\/\/wp-test.cro-digital.com\/index.php?rest_route=%2Fwp%2Fv2%2Fcomments&post=849"}],"wp:featuredmedia":[{"embeddable":true,"href":"https:\/\/wp-test.cro-digital.com\/index.php?rest_route=\/wp\/v2\/media\/1020"}],"wp:attachment":[{"href":"https:\/\/wp-test.cro-digital.com\/index.php?rest_route=%2Fwp%2Fv2%2Fmedia&parent=849"}],"curies":[{"name":"wp","href":"https:\/\/api.w.org\/{rel}","templated":true}]}}