{"id":961,"date":"2020-11-03T18:40:01","date_gmt":"2020-11-03T17:40:01","guid":{"rendered":"https:\/\/wp-test.cro-digital.com\/?product=import-placeholder-for-32754"},"modified":"2020-11-03T18:42:35","modified_gmt":"2020-11-03T17:42:35","slug":"jane-growing-plus-gnijezdo-grey-star","status":"publish","type":"product","link":"https:\/\/wp-test.cro-digital.com\/?product=jane-growing-plus-gnijezdo-grey-star","title":{"rendered":"Jane Growing Plus gnijezdo &#8211; Grey Star"},"content":{"rendered":"<p>Pomo\u0107u gnijezda\u0161ca Jane Growing Plus stvorit \u0107ete sigurnu i ugodnu okolinu u kojoj \u0107e va\u0161e dijete mo\u0107i mirno spavati. Izuzetno mekano i udobno gnjezda\u0161ce mo\u017ee se koristiti kod ku\u0107e, ali i izvan nje zahvaljuju\u0107i ru\u010dkama koje omogu\u0107uju lak prijenos.<\/p>\n<p>Growing Plus gnijezdo omogu\u0107uje sigurno mjesto za odmor i spavanje, a tako\u0111er se mo\u017ee koristiti kao toplo okru\u017eenje za igru. Gnijezdo je potpuno prozra\u010dno i obu\u010deno u meku pamu\u010dnu navlaku koja se lako uklanja i pere na 40 \u00b0 C.<\/p>\n<ul>\n<li>Pogodno za kori\u0161tenje od ro\u0111enja do 4 godine starosti<\/li>\n<li>Za\u0161titni jastuk &#8211; Omogu\u0107uje sigurno spavanje s roditeljima u njihovom krevetu<\/li>\n<li>Osje\u0107aj sigurnosti &#8211; Nakon ro\u0111enja, dijete gubi sigurnost koju pru\u017ea maj\u010din trbu\u0161\u010di\u0107, a s gnjezda\u0161cem Growing Plus taj osje\u0107aj za\u0161ti\u0107enosti \u0107e se sigurno vratiti.<\/li>\n<li>Raste s djetetom &#8211; Na dnu gnjezda\u0161ce, u razini djetetovih nogica postoji sustav pri\u010dvr\u0161\u0107ivanja koji omogu\u0107uje prilago\u0111avanje veli\u010dine gnijezda djetetovom rastu.<\/li>\n<li>Jednostavan za no\u0161enje \u2013 Vrlo lagan s ru\u010dkama za lak\u0161e dizanje i preno\u0161enje.<\/li>\n<li>Mekani pamu\u010dni materijal s uklonjivom navlakom koja se mo\u017ee prati na 40\u00b0 C.<\/li>\n<li>Bogato punjenje<\/li>\n<li>Idealan za kori\u0161tenje kod ku\u0107e ili u gostima, jer je lagan i jednostavan za transport zahvaljuju\u0107i dvije ru\u010dke.<\/li>\n<li>Mo\u017ee se koristiti kao dodatak unutar dje\u010djeg kreveti\u0107a.<\/li>\n<li>Smanjuje rizik od iznenadne smrti i omogu\u0107uje kvalitetno spavanje.<\/li>\n<li>Oblikovan protiv sindroma \u2018ule\u017eane\u2019 glave (Plagiocefalija).<\/li>\n<li>Materija: 100% pamuk<\/li>\n<li>Dimenzije: 97cm x 65cm cca.<\/li>\n<li>Dimenzije prostora za spavanje: 80-50cm x 40cm cca.<\/li>\n<\/ul>\n","protected":false},"excerpt":{"rendered":"<p>Pomo\u0107u gnijezda\u0161ca Jane Growing Plus stvorit \u0107ete sigurnu i ugodnu okolinu u kojoj \u0107e va\u0161e dijete mo\u0107i mirno spavati.<\/p>\n","protected":false},"featured_media":1087,"comment_status":"closed","ping_status":"closed","template":"","meta":[],"_links":{"self":[{"href":"https:\/\/wp-test.cro-digital.com\/index.php?rest_route=\/wp\/v2\/product\/961"}],"collection":[{"href":"https:\/\/wp-test.cro-digital.com\/index.php?rest_route=\/wp\/v2\/product"}],"about":[{"href":"https:\/\/wp-test.cro-digital.com\/index.php?rest_route=\/wp\/v2\/types\/product"}],"replies":[{"embeddable":true,"href":"https:\/\/wp-test.cro-digital.com\/index.php?rest_route=%2Fwp%2Fv2%2Fcomments&post=961"}],"wp:featuredmedia":[{"embeddable":true,"href":"https:\/\/wp-test.cro-digital.com\/index.php?rest_route=\/wp\/v2\/media\/1087"}],"wp:attachment":[{"href":"https:\/\/wp-test.cro-digital.com\/index.php?rest_route=%2Fwp%2Fv2%2Fmedia&parent=961"}],"curies":[{"name":"wp","href":"https:\/\/api.w.org\/{rel}","templated":true}]}}